{"id":16104,"date":"2025-03-21T06:12:41","date_gmt":"2025-03-21T05:12:41","guid":{"rendered":"https:\/\/gebruederthonetvienna.com\/\/prodotti\/gustav-2\/"},"modified":"2025-03-21T06:14:55","modified_gmt":"2025-03-21T05:14:55","slug":"gustav-2","status":"publish","type":"portfolio","link":"https:\/\/gebruederthonetvienna.com\/fr\/prodotti\/gustav-2\/","title":{"rendered":"Gustav"},"content":{"rendered":"<p style=\"text-align: justify;\">La chaise GUSTAV de Gordon Guillaumier poss\u00e8de une structure en h\u00eatre massif avec un dossier et des accoudoirs joints aux pieds avant \u00e0 l\u2019aide d\u2019un seul \u00e9l\u00e9ment courb\u00e9 \u00e0 section arrondie. Les pieds arri\u00e8re sont reli\u00e9s au dossier en suivant sa courbure naturelle et en d\u00e9finissant son profil avec une \u00e9l\u00e9gance stylistique. L\u2019assise est est contreplaqu\u00e9. La chaise est impilable ( max. 4)<\/p>\n","protected":false},"featured_media":8740,"template":"","product_type":[],"tipologia":[],"class_list":["post-16104","portfolio","type-portfolio","status-publish","has-post-thumbnail","hentry"],"acf":[],"yoast_head":"<!-- This site is optimized with the Yoast SEO plugin v24.7 - https:\/\/yoast.com\/wordpress\/plugins\/seo\/ -->\n<title>Gustav - GTV<\/title>\n<meta name=\"robots\" content=\"index, follow, max-snippet:-1, max-image-preview:large, max-video-preview:-1\" \/>\n<link rel=\"canonical\" href=\"https:\/\/gebruederthonetvienna.com\/fr\/prodotti\/gustav-2\/\" \/>\n<meta property=\"og:locale\" content=\"fr_FR\" \/>\n<meta property=\"og:type\" content=\"article\" \/>\n<meta property=\"og:title\" content=\"Gustav - GTV\" \/>\n<meta property=\"og:description\" content=\"La chaise GUSTAV de Gordon Guillaumier poss\u00e8de une structure en h\u00eatre massif avec un dossier et des accoudoirs joints aux pieds avant \u00e0 l\u2019aide d\u2019un seul \u00e9l\u00e9ment courb\u00e9 \u00e0 section arrondie. Les pieds arri\u00e8re sont reli\u00e9s au dossier en suivant sa courbure naturelle et en d\u00e9finissant son profil avec une \u00e9l\u00e9gance stylistique. L\u2019assise est est [&hellip;]\" \/>\n<meta property=\"og:url\" content=\"https:\/\/gebruederthonetvienna.com\/fr\/prodotti\/gustav-2\/\" \/>\n<meta property=\"og:site_name\" content=\"GTV\" \/>\n<meta property=\"article:modified_time\" content=\"2025-03-21T05:14:55+00:00\" \/>\n<meta property=\"og:image\" content=\"https:\/\/gebruederthonetvienna.com\/wp-content\/uploads\/2025\/03\/GUSTAV-1.png\" \/>\n\t<meta property=\"og:image:width\" content=\"655\" \/>\n\t<meta property=\"og:image:height\" content=\"545\" \/>\n\t<meta property=\"og:image:type\" content=\"image\/png\" \/>\n<meta name=\"twitter:card\" content=\"summary_large_image\" \/>\n<script type=\"application\/ld+json\" class=\"yoast-schema-graph\">{\"@context\":\"https:\/\/schema.org\",\"@graph\":[{\"@type\":\"WebPage\",\"@id\":\"https:\/\/gebruederthonetvienna.com\/fr\/prodotti\/gustav-2\/\",\"url\":\"https:\/\/gebruederthonetvienna.com\/fr\/prodotti\/gustav-2\/\",\"name\":\"Gustav - GTV\",\"isPartOf\":{\"@id\":\"https:\/\/gebruederthonetvienna.com\/fr\/#website\"},\"primaryImageOfPage\":{\"@id\":\"https:\/\/gebruederthonetvienna.com\/fr\/prodotti\/gustav-2\/#primaryimage\"},\"image\":{\"@id\":\"https:\/\/gebruederthonetvienna.com\/fr\/prodotti\/gustav-2\/#primaryimage\"},\"thumbnailUrl\":\"https:\/\/gebruederthonetvienna.com\/wp-content\/uploads\/2025\/03\/GUSTAV-1.png\",\"datePublished\":\"2025-03-21T05:12:41+00:00\",\"dateModified\":\"2025-03-21T05:14:55+00:00\",\"breadcrumb\":{\"@id\":\"https:\/\/gebruederthonetvienna.com\/fr\/prodotti\/gustav-2\/#breadcrumb\"},\"inLanguage\":\"fr-FR\",\"potentialAction\":[{\"@type\":\"ReadAction\",\"target\":[\"https:\/\/gebruederthonetvienna.com\/fr\/prodotti\/gustav-2\/\"]}]},{\"@type\":\"ImageObject\",\"inLanguage\":\"fr-FR\",\"@id\":\"https:\/\/gebruederthonetvienna.com\/fr\/prodotti\/gustav-2\/#primaryimage\",\"url\":\"https:\/\/gebruederthonetvienna.com\/wp-content\/uploads\/2025\/03\/GUSTAV-1.png\",\"contentUrl\":\"https:\/\/gebruederthonetvienna.com\/wp-content\/uploads\/2025\/03\/GUSTAV-1.png\",\"width\":655,\"height\":545},{\"@type\":\"BreadcrumbList\",\"@id\":\"https:\/\/gebruederthonetvienna.com\/fr\/prodotti\/gustav-2\/#breadcrumb\",\"itemListElement\":[{\"@type\":\"ListItem\",\"position\":1,\"name\":\"Home\",\"item\":\"https:\/\/gebruederthonetvienna.com\/fr\/\"},{\"@type\":\"ListItem\",\"position\":2,\"name\":\"Gustav\"}]},{\"@type\":\"WebSite\",\"@id\":\"https:\/\/gebruederthonetvienna.com\/fr\/#website\",\"url\":\"https:\/\/gebruederthonetvienna.com\/fr\/\",\"name\":\"GTV\",\"description\":\"\",\"publisher\":{\"@id\":\"https:\/\/gebruederthonetvienna.com\/fr\/#organization\"},\"potentialAction\":[{\"@type\":\"SearchAction\",\"target\":{\"@type\":\"EntryPoint\",\"urlTemplate\":\"https:\/\/gebruederthonetvienna.com\/fr\/?s={search_term_string}\"},\"query-input\":{\"@type\":\"PropertyValueSpecification\",\"valueRequired\":true,\"valueName\":\"search_term_string\"}}],\"inLanguage\":\"fr-FR\"},{\"@type\":\"Organization\",\"@id\":\"https:\/\/gebruederthonetvienna.com\/fr\/#organization\",\"name\":\"GTV\",\"url\":\"https:\/\/gebruederthonetvienna.com\/fr\/\",\"logo\":{\"@type\":\"ImageObject\",\"inLanguage\":\"fr-FR\",\"@id\":\"https:\/\/gebruederthonetvienna.com\/fr\/#\/schema\/logo\/image\/\",\"url\":\"https:\/\/gebruederthonetvienna.com\/wp-content\/uploads\/2025\/03\/logo-black.webp\",\"contentUrl\":\"https:\/\/gebruederthonetvienna.com\/wp-content\/uploads\/2025\/03\/logo-black.webp\",\"width\":418,\"height\":343,\"caption\":\"GTV\"},\"image\":{\"@id\":\"https:\/\/gebruederthonetvienna.com\/fr\/#\/schema\/logo\/image\/\"}}]}<\/script>\n<!-- \/ Yoast SEO plugin. -->","yoast_head_json":{"title":"Gustav - GTV","robots":{"index":"index","follow":"follow","max-snippet":"max-snippet:-1","max-image-preview":"max-image-preview:large","max-video-preview":"max-video-preview:-1"},"canonical":"https:\/\/gebruederthonetvienna.com\/fr\/prodotti\/gustav-2\/","og_locale":"fr_FR","og_type":"article","og_title":"Gustav - GTV","og_description":"La chaise GUSTAV de Gordon Guillaumier poss\u00e8de une structure en h\u00eatre massif avec un dossier et des accoudoirs joints aux pieds avant \u00e0 l\u2019aide d\u2019un seul \u00e9l\u00e9ment courb\u00e9 \u00e0 section arrondie. Les pieds arri\u00e8re sont reli\u00e9s au dossier en suivant sa courbure naturelle et en d\u00e9finissant son profil avec une \u00e9l\u00e9gance stylistique. L\u2019assise est est [&hellip;]","og_url":"https:\/\/gebruederthonetvienna.com\/fr\/prodotti\/gustav-2\/","og_site_name":"GTV","article_modified_time":"2025-03-21T05:14:55+00:00","og_image":[{"width":655,"height":545,"url":"https:\/\/gebruederthonetvienna.com\/wp-content\/uploads\/2025\/03\/GUSTAV-1.png","type":"image\/png"}],"twitter_card":"summary_large_image","schema":{"@context":"https:\/\/schema.org","@graph":[{"@type":"WebPage","@id":"https:\/\/gebruederthonetvienna.com\/fr\/prodotti\/gustav-2\/","url":"https:\/\/gebruederthonetvienna.com\/fr\/prodotti\/gustav-2\/","name":"Gustav - GTV","isPartOf":{"@id":"https:\/\/gebruederthonetvienna.com\/fr\/#website"},"primaryImageOfPage":{"@id":"https:\/\/gebruederthonetvienna.com\/fr\/prodotti\/gustav-2\/#primaryimage"},"image":{"@id":"https:\/\/gebruederthonetvienna.com\/fr\/prodotti\/gustav-2\/#primaryimage"},"thumbnailUrl":"https:\/\/gebruederthonetvienna.com\/wp-content\/uploads\/2025\/03\/GUSTAV-1.png","datePublished":"2025-03-21T05:12:41+00:00","dateModified":"2025-03-21T05:14:55+00:00","breadcrumb":{"@id":"https:\/\/gebruederthonetvienna.com\/fr\/prodotti\/gustav-2\/#breadcrumb"},"inLanguage":"fr-FR","potentialAction":[{"@type":"ReadAction","target":["https:\/\/gebruederthonetvienna.com\/fr\/prodotti\/gustav-2\/"]}]},{"@type":"ImageObject","inLanguage":"fr-FR","@id":"https:\/\/gebruederthonetvienna.com\/fr\/prodotti\/gustav-2\/#primaryimage","url":"https:\/\/gebruederthonetvienna.com\/wp-content\/uploads\/2025\/03\/GUSTAV-1.png","contentUrl":"https:\/\/gebruederthonetvienna.com\/wp-content\/uploads\/2025\/03\/GUSTAV-1.png","width":655,"height":545},{"@type":"BreadcrumbList","@id":"https:\/\/gebruederthonetvienna.com\/fr\/prodotti\/gustav-2\/#breadcrumb","itemListElement":[{"@type":"ListItem","position":1,"name":"Home","item":"https:\/\/gebruederthonetvienna.com\/fr\/"},{"@type":"ListItem","position":2,"name":"Gustav"}]},{"@type":"WebSite","@id":"https:\/\/gebruederthonetvienna.com\/fr\/#website","url":"https:\/\/gebruederthonetvienna.com\/fr\/","name":"GTV","description":"","publisher":{"@id":"https:\/\/gebruederthonetvienna.com\/fr\/#organization"},"potentialAction":[{"@type":"SearchAction","target":{"@type":"EntryPoint","urlTemplate":"https:\/\/gebruederthonetvienna.com\/fr\/?s={search_term_string}"},"query-input":{"@type":"PropertyValueSpecification","valueRequired":true,"valueName":"search_term_string"}}],"inLanguage":"fr-FR"},{"@type":"Organization","@id":"https:\/\/gebruederthonetvienna.com\/fr\/#organization","name":"GTV","url":"https:\/\/gebruederthonetvienna.com\/fr\/","logo":{"@type":"ImageObject","inLanguage":"fr-FR","@id":"https:\/\/gebruederthonetvienna.com\/fr\/#\/schema\/logo\/image\/","url":"https:\/\/gebruederthonetvienna.com\/wp-content\/uploads\/2025\/03\/logo-black.webp","contentUrl":"https:\/\/gebruederthonetvienna.com\/wp-content\/uploads\/2025\/03\/logo-black.webp","width":418,"height":343,"caption":"GTV"},"image":{"@id":"https:\/\/gebruederthonetvienna.com\/fr\/#\/schema\/logo\/image\/"}}]}},"_links":{"self":[{"href":"https:\/\/gebruederthonetvienna.com\/fr\/wp-json\/wp\/v2\/portfolio\/16104","targetHints":{"allow":["GET"]}}],"collection":[{"href":"https:\/\/gebruederthonetvienna.com\/fr\/wp-json\/wp\/v2\/portfolio"}],"about":[{"href":"https:\/\/gebruederthonetvienna.com\/fr\/wp-json\/wp\/v2\/types\/portfolio"}],"version-history":[{"count":0,"href":"https:\/\/gebruederthonetvienna.com\/fr\/wp-json\/wp\/v2\/portfolio\/16104\/revisions"}],"wp:featuredmedia":[{"embeddable":true,"href":"https:\/\/gebruederthonetvienna.com\/fr\/wp-json\/wp\/v2\/media\/8740"}],"wp:attachment":[{"href":"https:\/\/gebruederthonetvienna.com\/fr\/wp-json\/wp\/v2\/media?parent=16104"}],"wp:term":[{"taxonomy":"product_type","embeddable":true,"href":"https:\/\/gebruederthonetvienna.com\/fr\/wp-json\/wp\/v2\/product_type?post=16104"},{"taxonomy":"tipologia","embeddable":true,"href":"https:\/\/gebruederthonetvienna.com\/fr\/wp-json\/wp\/v2\/tipologia?post=16104"}],"curies":[{"name":"wp","href":"https:\/\/api.w.org\/{rel}","templated":true}]}}

<p style="text-align: justify;">La chaise GUSTAV de Gordon Guillaumier possède une structure en hêtre massif avec un dossier et des accoudoirs joints aux pieds avant à l’aide d’un seul élément courbé à section arrondie. Les pieds arrière sont reliés au dossier en suivant sa courbure naturelle et en définissant son profil avec une élégance stylistique. L’assise est est contreplaqué. La chaise est impilable ( max. 4)</p>

<!-- This site is optimized with the Yoast SEO plugin v24.7 - https://yoast.com/wordpress/plugins/seo/ -->
<title>Gustav - GTV</title>
<meta name="robots" content="index, follow, max-snippet:-1, max-image-preview:large, max-video-preview:-1" />
<link rel="canonical" href="https://gebruederthonetvienna.com/fr/prodotti/gustav-2/" />
<meta property="og:locale" content="fr_FR" />
<meta property="og:type" content="article" />
<meta property="og:title" content="Gustav - GTV" />
<meta property="og:description" content="La chaise GUSTAV de Gordon Guillaumier possède une structure en hêtre massif avec un dossier et des accoudoirs joints aux pieds avant à l’aide d’un seul élément courbé à section arrondie. Les pieds arrière sont reliés au dossier en suivant sa courbure naturelle et en définissant son profil avec une élégance stylistique. L’assise est est [&hellip;]" />
<meta property="og:url" content="https://gebruederthonetvienna.com/fr/prodotti/gustav-2/" />
<meta property="og:site_name" content="GTV" />
<meta property="article:modified_time" content="2025-03-21T05:14:55+00:00" />
<meta property="og:image" content="https://gebruederthonetvienna.com/wp-content/uploads/2025/03/GUSTAV-1.png" />
	<meta property="og:image:width" content="655" />
	<meta property="og:image:height" content="545" />
	<meta property="og:image:type" content="image/png" />
<meta name="twitter:card" content="summary_large_image" />
<script type="application/ld+json" class="yoast-schema-graph">{"@context":"https://schema.org","@graph":[{"@type":"WebPage","@id":"https://gebruederthonetvienna.com/fr/prodotti/gustav-2/","url":"https://gebruederthonetvienna.com/fr/prodotti/gustav-2/","name":"Gustav - GTV","isPartOf":{"@id":"https://gebruederthonetvienna.com/fr/#website"},"primaryImageOfPage":{"@id":"https://gebruederthonetvienna.com/fr/prodotti/gustav-2/#primaryimage"},"image":{"@id":"https://gebruederthonetvienna.com/fr/prodotti/gustav-2/#primaryimage"},"thumbnailUrl":"https://gebruederthonetvienna.com/wp-content/uploads/2025/03/GUSTAV-1.png","datePublished":"2025-03-21T05:12:41+00:00","dateModified":"2025-03-21T05:14:55+00:00","breadcrumb":{"@id":"https://gebruederthonetvienna.com/fr/prodotti/gustav-2/#breadcrumb"},"inLanguage":"fr-FR","potentialAction":[{"@type":"ReadAction","target":["https://gebruederthonetvienna.com/fr/prodotti/gustav-2/"]}]},{"@type":"ImageObject","inLanguage":"fr-FR","@id":"https://gebruederthonetvienna.com/fr/prodotti/gustav-2/#primaryimage","url":"https://gebruederthonetvienna.com/wp-content/uploads/2025/03/GUSTAV-1.png","contentUrl":"https://gebruederthonetvienna.com/wp-content/uploads/2025/03/GUSTAV-1.png","width":655,"height":545},{"@type":"BreadcrumbList","@id":"https://gebruederthonetvienna.com/fr/prodotti/gustav-2/#breadcrumb","itemListElement":[{"@type":"ListItem","position":1,"name":"Home","item":"https://gebruederthonetvienna.com/fr/"},{"@type":"ListItem","position":2,"name":"Gustav"}]},{"@type":"WebSite","@id":"https://gebruederthonetvienna.com/fr/#website","url":"https://gebruederthonetvienna.com/fr/","name":"GTV","description":"","publisher":{"@id":"https://gebruederthonetvienna.com/fr/#organization"},"potentialAction":[{"@type":"SearchAction","target":{"@type":"EntryPoint","urlTemplate":"https://gebruederthonetvienna.com/fr/?s={search_term_string}"},"query-input":{"@type":"PropertyValueSpecification","valueRequired":true,"valueName":"search_term_string"}}],"inLanguage":"fr-FR"},{"@type":"Organization","@id":"https://gebruederthonetvienna.com/fr/#organization","name":"GTV","url":"https://gebruederthonetvienna.com/fr/","logo":{"@type":"ImageObject","inLanguage":"fr-FR","@id":"https://gebruederthonetvienna.com/fr/#/schema/logo/image/","url":"https://gebruederthonetvienna.com/wp-content/uploads/2025/03/logo-black.webp","contentUrl":"https://gebruederthonetvienna.com/wp-content/uploads/2025/03/logo-black.webp","width":418,"height":343,"caption":"GTV"},"image":{"@id":"https://gebruederthonetvienna.com/fr/#/schema/logo/image/"}}]}</script>
<!-- / Yoast SEO plugin. -->

La chaise GUSTAV de Gordon Guillaumier possède une structure en hêtre massif avec un dossier et des accoudoirs joints aux pieds avant à l’aide d’un seul élément courbé à section arrondie. Les pieds arrière sont reliés au dossier en suivant sa courbure naturelle et en définissant son profil avec une élégance stylistique. L’assise est est [&hellip;]
