{"id":8445,"date":"2025-03-21T05:28:54","date_gmt":"2025-03-21T04:28:54","guid":{"rendered":"https:\/\/gebruederthonetvienna.com\/\/designers\/ernst-w-beranek-2\/"},"modified":"2025-03-21T05:28:54","modified_gmt":"2025-03-21T04:28:54","slug":"ernst-w-beranek-2","status":"publish","type":"designer","link":"https:\/\/gebruederthonetvienna.com\/fr\/designers\/ernst-w-beranek-2\/","title":{"rendered":"Ernst W. Beranek"},"content":{"rendered":"<p><strong>Ernst W. Beranek<\/strong> (6 octobre 1934), un designer autrichien, a \u00e9tudi\u00e9 de 1957 \u00e0 1962 \u00e0 l\u2019Acad\u00e9mie d\u2019Arts Appliqu\u00e9s de Vienne, dans la classe pour l\u2019architecture d\u2019Oswald Haerdtl et de design industriel de Franz Hoffmann.<\/p>\n<p>A partir de 1963 il travailla comme designer ind\u00e9pendant \u00e0 Vienne. De 1974 \u00e0 2008 il g\u00e9ra avec Harry Kubelka leur entreprise ID POOL Beranek et Kubelka. Outre ses activit\u00e9s en tant qu\u2019enseignant de design industriel et d\u2019\u00e9ducation au travail, il a particip\u00e9 \u00e9galement \u00e0 de nombreux projets de recherche pour la cr\u00e9ation de mobiliers scolaires, de bourses scolaires et l\u2019assistance aux personnes \u00e2g\u00e9es.<\/p>\n","protected":false},"featured_media":7959,"template":"","class_list":["post-8445","designer","type-designer","status-publish","has-post-thumbnail","hentry"],"acf":[],"yoast_head":"<!-- This site is optimized with the Yoast SEO plugin v24.7 - https:\/\/yoast.com\/wordpress\/plugins\/seo\/ -->\n<title>Ernst W. Beranek - GTV<\/title>\n<meta name=\"robots\" content=\"index, follow, max-snippet:-1, max-image-preview:large, max-video-preview:-1\" \/>\n<link rel=\"canonical\" href=\"https:\/\/gebruederthonetvienna.com\/fr\/designers\/ernst-w-beranek-2\/\" \/>\n<meta property=\"og:locale\" content=\"fr_FR\" \/>\n<meta property=\"og:type\" content=\"article\" \/>\n<meta property=\"og:title\" content=\"Ernst W. Beranek - GTV\" \/>\n<meta property=\"og:description\" content=\"Ernst W. Beranek (6 octobre 1934), un designer autrichien, a \u00e9tudi\u00e9 de 1957 \u00e0 1962 \u00e0 l\u2019Acad\u00e9mie d\u2019Arts Appliqu\u00e9s de Vienne, dans la classe pour l\u2019architecture d\u2019Oswald Haerdtl et de design industriel de Franz Hoffmann. A partir de 1963 il travailla comme designer ind\u00e9pendant \u00e0 Vienne. De 1974 \u00e0 2008 il g\u00e9ra avec Harry Kubelka [&hellip;]\" \/>\n<meta property=\"og:url\" content=\"https:\/\/gebruederthonetvienna.com\/fr\/designers\/ernst-w-beranek-2\/\" \/>\n<meta property=\"og:site_name\" content=\"GTV\" \/>\n<meta property=\"og:image\" content=\"https:\/\/gebruederthonetvienna.com\/wp-content\/uploads\/2025\/03\/ErnstBeranek.jpg\" \/>\n\t<meta property=\"og:image:width\" content=\"500\" \/>\n\t<meta property=\"og:image:height\" content=\"355\" \/>\n\t<meta property=\"og:image:type\" content=\"image\/jpeg\" \/>\n<meta name=\"twitter:card\" content=\"summary_large_image\" \/>\n<meta name=\"twitter:label1\" content=\"Dur\u00e9e de lecture estim\u00e9e\" \/>\n\t<meta name=\"twitter:data1\" content=\"1 minute\" \/>\n<script type=\"application\/ld+json\" class=\"yoast-schema-graph\">{\"@context\":\"https:\/\/schema.org\",\"@graph\":[{\"@type\":\"WebPage\",\"@id\":\"https:\/\/gebruederthonetvienna.com\/fr\/designers\/ernst-w-beranek-2\/\",\"url\":\"https:\/\/gebruederthonetvienna.com\/fr\/designers\/ernst-w-beranek-2\/\",\"name\":\"Ernst W. Beranek - GTV\",\"isPartOf\":{\"@id\":\"https:\/\/gebruederthonetvienna.com\/fr\/#website\"},\"primaryImageOfPage\":{\"@id\":\"https:\/\/gebruederthonetvienna.com\/fr\/designers\/ernst-w-beranek-2\/#primaryimage\"},\"image\":{\"@id\":\"https:\/\/gebruederthonetvienna.com\/fr\/designers\/ernst-w-beranek-2\/#primaryimage\"},\"thumbnailUrl\":\"https:\/\/gebruederthonetvienna.com\/wp-content\/uploads\/2025\/03\/ErnstBeranek.jpg\",\"datePublished\":\"2025-03-21T04:28:54+00:00\",\"breadcrumb\":{\"@id\":\"https:\/\/gebruederthonetvienna.com\/fr\/designers\/ernst-w-beranek-2\/#breadcrumb\"},\"inLanguage\":\"fr-FR\",\"potentialAction\":[{\"@type\":\"ReadAction\",\"target\":[\"https:\/\/gebruederthonetvienna.com\/fr\/designers\/ernst-w-beranek-2\/\"]}]},{\"@type\":\"ImageObject\",\"inLanguage\":\"fr-FR\",\"@id\":\"https:\/\/gebruederthonetvienna.com\/fr\/designers\/ernst-w-beranek-2\/#primaryimage\",\"url\":\"https:\/\/gebruederthonetvienna.com\/wp-content\/uploads\/2025\/03\/ErnstBeranek.jpg\",\"contentUrl\":\"https:\/\/gebruederthonetvienna.com\/wp-content\/uploads\/2025\/03\/ErnstBeranek.jpg\",\"width\":500,\"height\":355},{\"@type\":\"BreadcrumbList\",\"@id\":\"https:\/\/gebruederthonetvienna.com\/fr\/designers\/ernst-w-beranek-2\/#breadcrumb\",\"itemListElement\":[{\"@type\":\"ListItem\",\"position\":1,\"name\":\"Home\",\"item\":\"https:\/\/gebruederthonetvienna.com\/fr\/\"},{\"@type\":\"ListItem\",\"position\":2,\"name\":\"Ernst W. Beranek\"}]},{\"@type\":\"WebSite\",\"@id\":\"https:\/\/gebruederthonetvienna.com\/fr\/#website\",\"url\":\"https:\/\/gebruederthonetvienna.com\/fr\/\",\"name\":\"GTV\",\"description\":\"\",\"publisher\":{\"@id\":\"https:\/\/gebruederthonetvienna.com\/fr\/#organization\"},\"potentialAction\":[{\"@type\":\"SearchAction\",\"target\":{\"@type\":\"EntryPoint\",\"urlTemplate\":\"https:\/\/gebruederthonetvienna.com\/fr\/?s={search_term_string}\"},\"query-input\":{\"@type\":\"PropertyValueSpecification\",\"valueRequired\":true,\"valueName\":\"search_term_string\"}}],\"inLanguage\":\"fr-FR\"},{\"@type\":\"Organization\",\"@id\":\"https:\/\/gebruederthonetvienna.com\/fr\/#organization\",\"name\":\"GTV\",\"url\":\"https:\/\/gebruederthonetvienna.com\/fr\/\",\"logo\":{\"@type\":\"ImageObject\",\"inLanguage\":\"fr-FR\",\"@id\":\"https:\/\/gebruederthonetvienna.com\/fr\/#\/schema\/logo\/image\/\",\"url\":\"https:\/\/gebruederthonetvienna.com\/wp-content\/uploads\/2025\/03\/logo-black.webp\",\"contentUrl\":\"https:\/\/gebruederthonetvienna.com\/wp-content\/uploads\/2025\/03\/logo-black.webp\",\"width\":418,\"height\":343,\"caption\":\"GTV\"},\"image\":{\"@id\":\"https:\/\/gebruederthonetvienna.com\/fr\/#\/schema\/logo\/image\/\"}}]}<\/script>\n<!-- \/ Yoast SEO plugin. -->","yoast_head_json":{"title":"Ernst W. Beranek - GTV","robots":{"index":"index","follow":"follow","max-snippet":"max-snippet:-1","max-image-preview":"max-image-preview:large","max-video-preview":"max-video-preview:-1"},"canonical":"https:\/\/gebruederthonetvienna.com\/fr\/designers\/ernst-w-beranek-2\/","og_locale":"fr_FR","og_type":"article","og_title":"Ernst W. Beranek - GTV","og_description":"Ernst W. Beranek (6 octobre 1934), un designer autrichien, a \u00e9tudi\u00e9 de 1957 \u00e0 1962 \u00e0 l\u2019Acad\u00e9mie d\u2019Arts Appliqu\u00e9s de Vienne, dans la classe pour l\u2019architecture d\u2019Oswald Haerdtl et de design industriel de Franz Hoffmann. A partir de 1963 il travailla comme designer ind\u00e9pendant \u00e0 Vienne. De 1974 \u00e0 2008 il g\u00e9ra avec Harry Kubelka [&hellip;]","og_url":"https:\/\/gebruederthonetvienna.com\/fr\/designers\/ernst-w-beranek-2\/","og_site_name":"GTV","og_image":[{"width":500,"height":355,"url":"https:\/\/gebruederthonetvienna.com\/wp-content\/uploads\/2025\/03\/ErnstBeranek.jpg","type":"image\/jpeg"}],"twitter_card":"summary_large_image","twitter_misc":{"Dur\u00e9e de lecture estim\u00e9e":"1 minute"},"schema":{"@context":"https:\/\/schema.org","@graph":[{"@type":"WebPage","@id":"https:\/\/gebruederthonetvienna.com\/fr\/designers\/ernst-w-beranek-2\/","url":"https:\/\/gebruederthonetvienna.com\/fr\/designers\/ernst-w-beranek-2\/","name":"Ernst W. Beranek - GTV","isPartOf":{"@id":"https:\/\/gebruederthonetvienna.com\/fr\/#website"},"primaryImageOfPage":{"@id":"https:\/\/gebruederthonetvienna.com\/fr\/designers\/ernst-w-beranek-2\/#primaryimage"},"image":{"@id":"https:\/\/gebruederthonetvienna.com\/fr\/designers\/ernst-w-beranek-2\/#primaryimage"},"thumbnailUrl":"https:\/\/gebruederthonetvienna.com\/wp-content\/uploads\/2025\/03\/ErnstBeranek.jpg","datePublished":"2025-03-21T04:28:54+00:00","breadcrumb":{"@id":"https:\/\/gebruederthonetvienna.com\/fr\/designers\/ernst-w-beranek-2\/#breadcrumb"},"inLanguage":"fr-FR","potentialAction":[{"@type":"ReadAction","target":["https:\/\/gebruederthonetvienna.com\/fr\/designers\/ernst-w-beranek-2\/"]}]},{"@type":"ImageObject","inLanguage":"fr-FR","@id":"https:\/\/gebruederthonetvienna.com\/fr\/designers\/ernst-w-beranek-2\/#primaryimage","url":"https:\/\/gebruederthonetvienna.com\/wp-content\/uploads\/2025\/03\/ErnstBeranek.jpg","contentUrl":"https:\/\/gebruederthonetvienna.com\/wp-content\/uploads\/2025\/03\/ErnstBeranek.jpg","width":500,"height":355},{"@type":"BreadcrumbList","@id":"https:\/\/gebruederthonetvienna.com\/fr\/designers\/ernst-w-beranek-2\/#breadcrumb","itemListElement":[{"@type":"ListItem","position":1,"name":"Home","item":"https:\/\/gebruederthonetvienna.com\/fr\/"},{"@type":"ListItem","position":2,"name":"Ernst W. Beranek"}]},{"@type":"WebSite","@id":"https:\/\/gebruederthonetvienna.com\/fr\/#website","url":"https:\/\/gebruederthonetvienna.com\/fr\/","name":"GTV","description":"","publisher":{"@id":"https:\/\/gebruederthonetvienna.com\/fr\/#organization"},"potentialAction":[{"@type":"SearchAction","target":{"@type":"EntryPoint","urlTemplate":"https:\/\/gebruederthonetvienna.com\/fr\/?s={search_term_string}"},"query-input":{"@type":"PropertyValueSpecification","valueRequired":true,"valueName":"search_term_string"}}],"inLanguage":"fr-FR"},{"@type":"Organization","@id":"https:\/\/gebruederthonetvienna.com\/fr\/#organization","name":"GTV","url":"https:\/\/gebruederthonetvienna.com\/fr\/","logo":{"@type":"ImageObject","inLanguage":"fr-FR","@id":"https:\/\/gebruederthonetvienna.com\/fr\/#\/schema\/logo\/image\/","url":"https:\/\/gebruederthonetvienna.com\/wp-content\/uploads\/2025\/03\/logo-black.webp","contentUrl":"https:\/\/gebruederthonetvienna.com\/wp-content\/uploads\/2025\/03\/logo-black.webp","width":418,"height":343,"caption":"GTV"},"image":{"@id":"https:\/\/gebruederthonetvienna.com\/fr\/#\/schema\/logo\/image\/"}}]}},"_links":{"self":[{"href":"https:\/\/gebruederthonetvienna.com\/fr\/wp-json\/wp\/v2\/designer\/8445","targetHints":{"allow":["GET"]}}],"collection":[{"href":"https:\/\/gebruederthonetvienna.com\/fr\/wp-json\/wp\/v2\/designer"}],"about":[{"href":"https:\/\/gebruederthonetvienna.com\/fr\/wp-json\/wp\/v2\/types\/designer"}],"wp:featuredmedia":[{"embeddable":true,"href":"https:\/\/gebruederthonetvienna.com\/fr\/wp-json\/wp\/v2\/media\/7959"}],"wp:attachment":[{"href":"https:\/\/gebruederthonetvienna.com\/fr\/wp-json\/wp\/v2\/media?parent=8445"}],"curies":[{"name":"wp","href":"https:\/\/api.w.org\/{rel}","templated":true}]}}

<p><strong>Ernst W. Beranek</strong> (6 octobre 1934), un designer autrichien, a étudié de 1957 à 1962 à l’Académie d’Arts Appliqués de Vienne, dans la classe pour l’architecture d’Oswald Haerdtl et de design industriel de Franz Hoffmann.</p>
<p>A partir de 1963 il travailla comme designer indépendant à Vienne. De 1974 à 2008 il géra avec Harry Kubelka leur entreprise ID POOL Beranek et Kubelka. Outre ses activités en tant qu’enseignant de design industriel et d’éducation au travail, il a participé également à de nombreux projets de recherche pour la création de mobiliers scolaires, de bourses scolaires et l’assistance aux personnes âgées.</p>

<!-- This site is optimized with the Yoast SEO plugin v24.7 - https://yoast.com/wordpress/plugins/seo/ -->
<title>Ernst W. Beranek - GTV</title>
<meta name="robots" content="index, follow, max-snippet:-1, max-image-preview:large, max-video-preview:-1" />
<link rel="canonical" href="https://gebruederthonetvienna.com/fr/designers/ernst-w-beranek-2/" />
<meta property="og:locale" content="fr_FR" />
<meta property="og:type" content="article" />
<meta property="og:title" content="Ernst W. Beranek - GTV" />
<meta property="og:description" content="Ernst W. Beranek (6 octobre 1934), un designer autrichien, a étudié de 1957 à 1962 à l’Académie d’Arts Appliqués de Vienne, dans la classe pour l’architecture d’Oswald Haerdtl et de design industriel de Franz Hoffmann. A partir de 1963 il travailla comme designer indépendant à Vienne. De 1974 à 2008 il géra avec Harry Kubelka [&hellip;]" />
<meta property="og:url" content="https://gebruederthonetvienna.com/fr/designers/ernst-w-beranek-2/" />
<meta property="og:site_name" content="GTV" />
<meta property="og:image" content="https://gebruederthonetvienna.com/wp-content/uploads/2025/03/ErnstBeranek.jpg" />
	<meta property="og:image:width" content="500" />
	<meta property="og:image:height" content="355" />
	<meta property="og:image:type" content="image/jpeg" />
<meta name="twitter:card" content="summary_large_image" />
<meta name="twitter:label1" content="Durée de lecture estimée" />
	<meta name="twitter:data1" content="1 minute" />
<script type="application/ld+json" class="yoast-schema-graph">{"@context":"https://schema.org","@graph":[{"@type":"WebPage","@id":"https://gebruederthonetvienna.com/fr/designers/ernst-w-beranek-2/","url":"https://gebruederthonetvienna.com/fr/designers/ernst-w-beranek-2/","name":"Ernst W. Beranek - GTV","isPartOf":{"@id":"https://gebruederthonetvienna.com/fr/#website"},"primaryImageOfPage":{"@id":"https://gebruederthonetvienna.com/fr/designers/ernst-w-beranek-2/#primaryimage"},"image":{"@id":"https://gebruederthonetvienna.com/fr/designers/ernst-w-beranek-2/#primaryimage"},"thumbnailUrl":"https://gebruederthonetvienna.com/wp-content/uploads/2025/03/ErnstBeranek.jpg","datePublished":"2025-03-21T04:28:54+00:00","breadcrumb":{"@id":"https://gebruederthonetvienna.com/fr/designers/ernst-w-beranek-2/#breadcrumb"},"inLanguage":"fr-FR","potentialAction":[{"@type":"ReadAction","target":["https://gebruederthonetvienna.com/fr/designers/ernst-w-beranek-2/"]}]},{"@type":"ImageObject","inLanguage":"fr-FR","@id":"https://gebruederthonetvienna.com/fr/designers/ernst-w-beranek-2/#primaryimage","url":"https://gebruederthonetvienna.com/wp-content/uploads/2025/03/ErnstBeranek.jpg","contentUrl":"https://gebruederthonetvienna.com/wp-content/uploads/2025/03/ErnstBeranek.jpg","width":500,"height":355},{"@type":"BreadcrumbList","@id":"https://gebruederthonetvienna.com/fr/designers/ernst-w-beranek-2/#breadcrumb","itemListElement":[{"@type":"ListItem","position":1,"name":"Home","item":"https://gebruederthonetvienna.com/fr/"},{"@type":"ListItem","position":2,"name":"Ernst W. Beranek"}]},{"@type":"WebSite","@id":"https://gebruederthonetvienna.com/fr/#website","url":"https://gebruederthonetvienna.com/fr/","name":"GTV","description":"","publisher":{"@id":"https://gebruederthonetvienna.com/fr/#organization"},"potentialAction":[{"@type":"SearchAction","target":{"@type":"EntryPoint","urlTemplate":"https://gebruederthonetvienna.com/fr/?s={search_term_string}"},"query-input":{"@type":"PropertyValueSpecification","valueRequired":true,"valueName":"search_term_string"}}],"inLanguage":"fr-FR"},{"@type":"Organization","@id":"https://gebruederthonetvienna.com/fr/#organization","name":"GTV","url":"https://gebruederthonetvienna.com/fr/","logo":{"@type":"ImageObject","inLanguage":"fr-FR","@id":"https://gebruederthonetvienna.com/fr/#/schema/logo/image/","url":"https://gebruederthonetvienna.com/wp-content/uploads/2025/03/logo-black.webp","contentUrl":"https://gebruederthonetvienna.com/wp-content/uploads/2025/03/logo-black.webp","width":418,"height":343,"caption":"GTV"},"image":{"@id":"https://gebruederthonetvienna.com/fr/#/schema/logo/image/"}}]}</script>
<!-- / Yoast SEO plugin. -->

Ernst W. Beranek (6 octobre 1934), un designer autrichien, a étudié de 1957 à 1962 à l’Académie d’Arts Appliqués de Vienne, dans la classe pour l’architecture d’Oswald Haerdtl et de design industriel de Franz Hoffmann. A partir de 1963 il travailla comme designer indépendant à Vienne. De 1974 à 2008 il géra avec Harry Kubelka [&hellip;]
