{"version":"1.0","provider_name":"GTV","provider_url":"https:\/\/gebruederthonetvienna.com\/fr\/","author_name":"Giulia Cabrini","author_url":"https:\/\/gebruederthonetvienna.com\/fr\/author\/giulia-cabrini\/","title":"Vico Magistretti - GTV","type":"rich","width":600,"height":338,"html":"<blockquote class=\"wp-embedded-content\" data-secret=\"WEvSUiBfqp\"><a href=\"https:\/\/gebruederthonetvienna.com\/fr\/designers\/vico-magistretti-2\/\">Vico Magistretti<\/a><\/blockquote><iframe sandbox=\"allow-scripts\" security=\"restricted\" src=\"https:\/\/gebruederthonetvienna.com\/fr\/designers\/vico-magistretti-2\/embed\/#?secret=WEvSUiBfqp\" width=\"600\" height=\"338\" title=\"\u00ab\u00a0Vico Magistretti\u00a0\u00bb &#8212; GTV\" data-secret=\"WEvSUiBfqp\" frameborder=\"0\" marginwidth=\"0\" marginheight=\"0\" scrolling=\"no\" class=\"wp-embedded-content\"><\/iframe><script>\n\/*! This file is auto-generated *\/\n!function(d,l){\"use strict\";l.querySelector&&d.addEventListener&&\"undefined\"!=typeof URL&&(d.wp=d.wp||{},d.wp.receiveEmbedMessage||(d.wp.receiveEmbedMessage=function(e){var t=e.data;if((t||t.secret||t.message||t.value)&&!\/[^a-zA-Z0-9]\/.test(t.secret)){for(var s,r,n,a=l.querySelectorAll('iframe[data-secret=\"'+t.secret+'\"]'),o=l.querySelectorAll('blockquote[data-secret=\"'+t.secret+'\"]'),c=new RegExp(\"^https?:$\",\"i\"),i=0;i<o.length;i++)o[i].style.display=\"none\";for(i=0;i<a.length;i++)s=a[i],e.source===s.contentWindow&&(s.removeAttribute(\"style\"),\"height\"===t.message?(1e3<(r=parseInt(t.value,10))?r=1e3:~~r<200&&(r=200),s.height=r):\"link\"===t.message&&(r=new URL(s.getAttribute(\"src\")),n=new URL(t.value),c.test(n.protocol))&&n.host===r.host&&l.activeElement===s&&(d.top.location.href=t.value))}},d.addEventListener(\"message\",d.wp.receiveEmbedMessage,!1),l.addEventListener(\"DOMContentLoaded\",function(){for(var e,t,s=l.querySelectorAll(\"iframe.wp-embedded-content\"),r=0;r<s.length;r++)(t=(e=s[r]).getAttribute(\"data-secret\"))||(t=Math.random().toString(36).substring(2,12),e.src+=\"#?secret=\"+t,e.setAttribute(\"data-secret\",t)),e.contentWindow.postMessage({message:\"ready\",secret:t},\"*\")},!1)))}(window,document);\n\/\/# sourceURL=https:\/\/gebruederthonetvienna.com\/wp-includes\/js\/wp-embed.min.js\n<\/script>\n","thumbnail_url":"https:\/\/gebruederthonetvienna.com\/wp-content\/uploads\/2025\/03\/VicoMagistretti.jpg","thumbnail_width":500,"thumbnail_height":355,"description":"Vico Magistretti (Milan 1920 \u2013 Milan 2006), architecte et designer, fut un exposant du rationalisme milanais. Il obtint son dipl\u00f4me d\u2019architecte en 1945 et entra imm\u00e9diatement dans le cabinet de son p\u00e8re. Tout de suite apr\u00e8s la guerre il s\u2019occupa des probl\u00e9matiques de la reconstruction.\u00a0Il participa activement \u00e0 plusieurs Triennales en dirigeant de nombreux d\u00e9partements. [&hellip;]"}

Vico Magistretti (Milan 1920 – Milan 2006), architecte et designer, fut un exposant du rationalisme milanais. Il obtint son diplôme d’architecte en 1945 et entra immédiatement dans le cabinet de son père. Tout de suite après la guerre il s’occupa des problématiques de la reconstruction. Il participa activement à plusieurs Triennales en dirigeant de nombreux départements. [&hellip;]
