{"id":16438,"date":"2025-03-21T06:12:41","date_gmt":"2025-03-21T05:12:41","guid":{"rendered":"https:\/\/gebruederthonetvienna.com\/\/prodotti\/gustav-5\/"},"modified":"2025-03-21T06:17:01","modified_gmt":"2025-03-21T05:17:01","slug":"gustav-5","status":"publish","type":"portfolio","link":"https:\/\/gebruederthonetvienna.com\/de\/prodotti\/gustav-5\/","title":{"rendered":"Gustav"},"content":{"rendered":"<p style=\"text-align: justify;\">Der Stuhl GUSTAV von Gordon Guillaumier hat ein Gestell aus massivem Buchenholz, die R\u00fcckenlehne und die Armlehnen sind durch ein einziges geschwungenes Element mit rundem Querschnitt mit den vorderen Stuhlbeinen verbunden. Die hinteren Stuhlbeine verbinden sich mit der R\u00fcckenlehne und unterst\u00fctzen ihre nat\u00fcrliche Biegung, um die Kontur mit stilisierter Eleganz zu definieren. Die Sitzfl\u00e4che ist aus gebogenem Schichtholz .<\/p>\n","protected":false},"featured_media":8740,"template":"","product_type":[],"tipologia":[],"class_list":["post-16438","portfolio","type-portfolio","status-publish","has-post-thumbnail","hentry"],"acf":[],"yoast_head":"<!-- This site is optimized with the Yoast SEO plugin v24.7 - https:\/\/yoast.com\/wordpress\/plugins\/seo\/ -->\n<title>Gustav - GTV<\/title>\n<meta name=\"robots\" content=\"index, follow, max-snippet:-1, max-image-preview:large, max-video-preview:-1\" \/>\n<link rel=\"canonical\" href=\"https:\/\/gebruederthonetvienna.com\/de\/prodotti\/gustav-5\/\" \/>\n<meta property=\"og:locale\" content=\"de_DE\" \/>\n<meta property=\"og:type\" content=\"article\" \/>\n<meta property=\"og:title\" content=\"Gustav - GTV\" \/>\n<meta property=\"og:description\" content=\"Der Stuhl GUSTAV von Gordon Guillaumier hat ein Gestell aus massivem Buchenholz, die R\u00fcckenlehne und die Armlehnen sind durch ein einziges geschwungenes Element mit rundem Querschnitt mit den vorderen Stuhlbeinen verbunden. Die hinteren Stuhlbeine verbinden sich mit der R\u00fcckenlehne und unterst\u00fctzen ihre nat\u00fcrliche Biegung, um die Kontur mit stilisierter Eleganz zu definieren. Die Sitzfl\u00e4che ist [&hellip;]\" \/>\n<meta property=\"og:url\" content=\"https:\/\/gebruederthonetvienna.com\/de\/prodotti\/gustav-5\/\" \/>\n<meta property=\"og:site_name\" content=\"GTV\" \/>\n<meta property=\"article:modified_time\" content=\"2025-03-21T05:17:01+00:00\" \/>\n<meta property=\"og:image\" content=\"https:\/\/gebruederthonetvienna.com\/wp-content\/uploads\/2025\/03\/GUSTAV-1.png\" \/>\n\t<meta property=\"og:image:width\" content=\"655\" \/>\n\t<meta property=\"og:image:height\" content=\"545\" \/>\n\t<meta property=\"og:image:type\" content=\"image\/png\" \/>\n<meta name=\"twitter:card\" content=\"summary_large_image\" \/>\n<script type=\"application\/ld+json\" class=\"yoast-schema-graph\">{\"@context\":\"https:\/\/schema.org\",\"@graph\":[{\"@type\":\"WebPage\",\"@id\":\"https:\/\/gebruederthonetvienna.com\/de\/prodotti\/gustav-5\/\",\"url\":\"https:\/\/gebruederthonetvienna.com\/de\/prodotti\/gustav-5\/\",\"name\":\"Gustav - GTV\",\"isPartOf\":{\"@id\":\"https:\/\/gebruederthonetvienna.com\/de\/#website\"},\"primaryImageOfPage\":{\"@id\":\"https:\/\/gebruederthonetvienna.com\/de\/prodotti\/gustav-5\/#primaryimage\"},\"image\":{\"@id\":\"https:\/\/gebruederthonetvienna.com\/de\/prodotti\/gustav-5\/#primaryimage\"},\"thumbnailUrl\":\"https:\/\/gebruederthonetvienna.com\/wp-content\/uploads\/2025\/03\/GUSTAV-1.png\",\"datePublished\":\"2025-03-21T05:12:41+00:00\",\"dateModified\":\"2025-03-21T05:17:01+00:00\",\"breadcrumb\":{\"@id\":\"https:\/\/gebruederthonetvienna.com\/de\/prodotti\/gustav-5\/#breadcrumb\"},\"inLanguage\":\"de\",\"potentialAction\":[{\"@type\":\"ReadAction\",\"target\":[\"https:\/\/gebruederthonetvienna.com\/de\/prodotti\/gustav-5\/\"]}]},{\"@type\":\"ImageObject\",\"inLanguage\":\"de\",\"@id\":\"https:\/\/gebruederthonetvienna.com\/de\/prodotti\/gustav-5\/#primaryimage\",\"url\":\"https:\/\/gebruederthonetvienna.com\/wp-content\/uploads\/2025\/03\/GUSTAV-1.png\",\"contentUrl\":\"https:\/\/gebruederthonetvienna.com\/wp-content\/uploads\/2025\/03\/GUSTAV-1.png\",\"width\":655,\"height\":545},{\"@type\":\"BreadcrumbList\",\"@id\":\"https:\/\/gebruederthonetvienna.com\/de\/prodotti\/gustav-5\/#breadcrumb\",\"itemListElement\":[{\"@type\":\"ListItem\",\"position\":1,\"name\":\"Home\",\"item\":\"https:\/\/gebruederthonetvienna.com\/de\/\"},{\"@type\":\"ListItem\",\"position\":2,\"name\":\"Gustav\"}]},{\"@type\":\"WebSite\",\"@id\":\"https:\/\/gebruederthonetvienna.com\/de\/#website\",\"url\":\"https:\/\/gebruederthonetvienna.com\/de\/\",\"name\":\"GTV\",\"description\":\"\",\"publisher\":{\"@id\":\"https:\/\/gebruederthonetvienna.com\/de\/#organization\"},\"potentialAction\":[{\"@type\":\"SearchAction\",\"target\":{\"@type\":\"EntryPoint\",\"urlTemplate\":\"https:\/\/gebruederthonetvienna.com\/de\/?s={search_term_string}\"},\"query-input\":{\"@type\":\"PropertyValueSpecification\",\"valueRequired\":true,\"valueName\":\"search_term_string\"}}],\"inLanguage\":\"de\"},{\"@type\":\"Organization\",\"@id\":\"https:\/\/gebruederthonetvienna.com\/de\/#organization\",\"name\":\"GTV\",\"url\":\"https:\/\/gebruederthonetvienna.com\/de\/\",\"logo\":{\"@type\":\"ImageObject\",\"inLanguage\":\"de\",\"@id\":\"https:\/\/gebruederthonetvienna.com\/de\/#\/schema\/logo\/image\/\",\"url\":\"https:\/\/gebruederthonetvienna.com\/wp-content\/uploads\/2025\/03\/logo-black.webp\",\"contentUrl\":\"https:\/\/gebruederthonetvienna.com\/wp-content\/uploads\/2025\/03\/logo-black.webp\",\"width\":418,\"height\":343,\"caption\":\"GTV\"},\"image\":{\"@id\":\"https:\/\/gebruederthonetvienna.com\/de\/#\/schema\/logo\/image\/\"}}]}<\/script>\n<!-- \/ Yoast SEO plugin. -->","yoast_head_json":{"title":"Gustav - GTV","robots":{"index":"index","follow":"follow","max-snippet":"max-snippet:-1","max-image-preview":"max-image-preview:large","max-video-preview":"max-video-preview:-1"},"canonical":"https:\/\/gebruederthonetvienna.com\/de\/prodotti\/gustav-5\/","og_locale":"de_DE","og_type":"article","og_title":"Gustav - GTV","og_description":"Der Stuhl GUSTAV von Gordon Guillaumier hat ein Gestell aus massivem Buchenholz, die R\u00fcckenlehne und die Armlehnen sind durch ein einziges geschwungenes Element mit rundem Querschnitt mit den vorderen Stuhlbeinen verbunden. Die hinteren Stuhlbeine verbinden sich mit der R\u00fcckenlehne und unterst\u00fctzen ihre nat\u00fcrliche Biegung, um die Kontur mit stilisierter Eleganz zu definieren. Die Sitzfl\u00e4che ist [&hellip;]","og_url":"https:\/\/gebruederthonetvienna.com\/de\/prodotti\/gustav-5\/","og_site_name":"GTV","article_modified_time":"2025-03-21T05:17:01+00:00","og_image":[{"width":655,"height":545,"url":"https:\/\/gebruederthonetvienna.com\/wp-content\/uploads\/2025\/03\/GUSTAV-1.png","type":"image\/png"}],"twitter_card":"summary_large_image","schema":{"@context":"https:\/\/schema.org","@graph":[{"@type":"WebPage","@id":"https:\/\/gebruederthonetvienna.com\/de\/prodotti\/gustav-5\/","url":"https:\/\/gebruederthonetvienna.com\/de\/prodotti\/gustav-5\/","name":"Gustav - GTV","isPartOf":{"@id":"https:\/\/gebruederthonetvienna.com\/de\/#website"},"primaryImageOfPage":{"@id":"https:\/\/gebruederthonetvienna.com\/de\/prodotti\/gustav-5\/#primaryimage"},"image":{"@id":"https:\/\/gebruederthonetvienna.com\/de\/prodotti\/gustav-5\/#primaryimage"},"thumbnailUrl":"https:\/\/gebruederthonetvienna.com\/wp-content\/uploads\/2025\/03\/GUSTAV-1.png","datePublished":"2025-03-21T05:12:41+00:00","dateModified":"2025-03-21T05:17:01+00:00","breadcrumb":{"@id":"https:\/\/gebruederthonetvienna.com\/de\/prodotti\/gustav-5\/#breadcrumb"},"inLanguage":"de","potentialAction":[{"@type":"ReadAction","target":["https:\/\/gebruederthonetvienna.com\/de\/prodotti\/gustav-5\/"]}]},{"@type":"ImageObject","inLanguage":"de","@id":"https:\/\/gebruederthonetvienna.com\/de\/prodotti\/gustav-5\/#primaryimage","url":"https:\/\/gebruederthonetvienna.com\/wp-content\/uploads\/2025\/03\/GUSTAV-1.png","contentUrl":"https:\/\/gebruederthonetvienna.com\/wp-content\/uploads\/2025\/03\/GUSTAV-1.png","width":655,"height":545},{"@type":"BreadcrumbList","@id":"https:\/\/gebruederthonetvienna.com\/de\/prodotti\/gustav-5\/#breadcrumb","itemListElement":[{"@type":"ListItem","position":1,"name":"Home","item":"https:\/\/gebruederthonetvienna.com\/de\/"},{"@type":"ListItem","position":2,"name":"Gustav"}]},{"@type":"WebSite","@id":"https:\/\/gebruederthonetvienna.com\/de\/#website","url":"https:\/\/gebruederthonetvienna.com\/de\/","name":"GTV","description":"","publisher":{"@id":"https:\/\/gebruederthonetvienna.com\/de\/#organization"},"potentialAction":[{"@type":"SearchAction","target":{"@type":"EntryPoint","urlTemplate":"https:\/\/gebruederthonetvienna.com\/de\/?s={search_term_string}"},"query-input":{"@type":"PropertyValueSpecification","valueRequired":true,"valueName":"search_term_string"}}],"inLanguage":"de"},{"@type":"Organization","@id":"https:\/\/gebruederthonetvienna.com\/de\/#organization","name":"GTV","url":"https:\/\/gebruederthonetvienna.com\/de\/","logo":{"@type":"ImageObject","inLanguage":"de","@id":"https:\/\/gebruederthonetvienna.com\/de\/#\/schema\/logo\/image\/","url":"https:\/\/gebruederthonetvienna.com\/wp-content\/uploads\/2025\/03\/logo-black.webp","contentUrl":"https:\/\/gebruederthonetvienna.com\/wp-content\/uploads\/2025\/03\/logo-black.webp","width":418,"height":343,"caption":"GTV"},"image":{"@id":"https:\/\/gebruederthonetvienna.com\/de\/#\/schema\/logo\/image\/"}}]}},"_links":{"self":[{"href":"https:\/\/gebruederthonetvienna.com\/de\/wp-json\/wp\/v2\/portfolio\/16438","targetHints":{"allow":["GET"]}}],"collection":[{"href":"https:\/\/gebruederthonetvienna.com\/de\/wp-json\/wp\/v2\/portfolio"}],"about":[{"href":"https:\/\/gebruederthonetvienna.com\/de\/wp-json\/wp\/v2\/types\/portfolio"}],"version-history":[{"count":0,"href":"https:\/\/gebruederthonetvienna.com\/de\/wp-json\/wp\/v2\/portfolio\/16438\/revisions"}],"wp:featuredmedia":[{"embeddable":true,"href":"https:\/\/gebruederthonetvienna.com\/de\/wp-json\/wp\/v2\/media\/8740"}],"wp:attachment":[{"href":"https:\/\/gebruederthonetvienna.com\/de\/wp-json\/wp\/v2\/media?parent=16438"}],"wp:term":[{"taxonomy":"product_type","embeddable":true,"href":"https:\/\/gebruederthonetvienna.com\/de\/wp-json\/wp\/v2\/product_type?post=16438"},{"taxonomy":"tipologia","embeddable":true,"href":"https:\/\/gebruederthonetvienna.com\/de\/wp-json\/wp\/v2\/tipologia?post=16438"}],"curies":[{"name":"wp","href":"https:\/\/api.w.org\/{rel}","templated":true}]}}

<p style="text-align: justify;">Der Stuhl GUSTAV von Gordon Guillaumier hat ein Gestell aus massivem Buchenholz, die Rückenlehne und die Armlehnen sind durch ein einziges geschwungenes Element mit rundem Querschnitt mit den vorderen Stuhlbeinen verbunden. Die hinteren Stuhlbeine verbinden sich mit der Rückenlehne und unterstützen ihre natürliche Biegung, um die Kontur mit stilisierter Eleganz zu definieren. Die Sitzfläche ist aus gebogenem Schichtholz .</p>

<!-- This site is optimized with the Yoast SEO plugin v24.7 - https://yoast.com/wordpress/plugins/seo/ -->
<title>Gustav - GTV</title>
<meta name="robots" content="index, follow, max-snippet:-1, max-image-preview:large, max-video-preview:-1" />
<link rel="canonical" href="https://gebruederthonetvienna.com/de/prodotti/gustav-5/" />
<meta property="og:locale" content="de_DE" />
<meta property="og:type" content="article" />
<meta property="og:title" content="Gustav - GTV" />
<meta property="og:description" content="Der Stuhl GUSTAV von Gordon Guillaumier hat ein Gestell aus massivem Buchenholz, die Rückenlehne und die Armlehnen sind durch ein einziges geschwungenes Element mit rundem Querschnitt mit den vorderen Stuhlbeinen verbunden. Die hinteren Stuhlbeine verbinden sich mit der Rückenlehne und unterstützen ihre natürliche Biegung, um die Kontur mit stilisierter Eleganz zu definieren. Die Sitzfläche ist [&hellip;]" />
<meta property="og:url" content="https://gebruederthonetvienna.com/de/prodotti/gustav-5/" />
<meta property="og:site_name" content="GTV" />
<meta property="article:modified_time" content="2025-03-21T05:17:01+00:00" />
<meta property="og:image" content="https://gebruederthonetvienna.com/wp-content/uploads/2025/03/GUSTAV-1.png" />
	<meta property="og:image:width" content="655" />
	<meta property="og:image:height" content="545" />
	<meta property="og:image:type" content="image/png" />
<meta name="twitter:card" content="summary_large_image" />
<script type="application/ld+json" class="yoast-schema-graph">{"@context":"https://schema.org","@graph":[{"@type":"WebPage","@id":"https://gebruederthonetvienna.com/de/prodotti/gustav-5/","url":"https://gebruederthonetvienna.com/de/prodotti/gustav-5/","name":"Gustav - GTV","isPartOf":{"@id":"https://gebruederthonetvienna.com/de/#website"},"primaryImageOfPage":{"@id":"https://gebruederthonetvienna.com/de/prodotti/gustav-5/#primaryimage"},"image":{"@id":"https://gebruederthonetvienna.com/de/prodotti/gustav-5/#primaryimage"},"thumbnailUrl":"https://gebruederthonetvienna.com/wp-content/uploads/2025/03/GUSTAV-1.png","datePublished":"2025-03-21T05:12:41+00:00","dateModified":"2025-03-21T05:17:01+00:00","breadcrumb":{"@id":"https://gebruederthonetvienna.com/de/prodotti/gustav-5/#breadcrumb"},"inLanguage":"de","potentialAction":[{"@type":"ReadAction","target":["https://gebruederthonetvienna.com/de/prodotti/gustav-5/"]}]},{"@type":"ImageObject","inLanguage":"de","@id":"https://gebruederthonetvienna.com/de/prodotti/gustav-5/#primaryimage","url":"https://gebruederthonetvienna.com/wp-content/uploads/2025/03/GUSTAV-1.png","contentUrl":"https://gebruederthonetvienna.com/wp-content/uploads/2025/03/GUSTAV-1.png","width":655,"height":545},{"@type":"BreadcrumbList","@id":"https://gebruederthonetvienna.com/de/prodotti/gustav-5/#breadcrumb","itemListElement":[{"@type":"ListItem","position":1,"name":"Home","item":"https://gebruederthonetvienna.com/de/"},{"@type":"ListItem","position":2,"name":"Gustav"}]},{"@type":"WebSite","@id":"https://gebruederthonetvienna.com/de/#website","url":"https://gebruederthonetvienna.com/de/","name":"GTV","description":"","publisher":{"@id":"https://gebruederthonetvienna.com/de/#organization"},"potentialAction":[{"@type":"SearchAction","target":{"@type":"EntryPoint","urlTemplate":"https://gebruederthonetvienna.com/de/?s={search_term_string}"},"query-input":{"@type":"PropertyValueSpecification","valueRequired":true,"valueName":"search_term_string"}}],"inLanguage":"de"},{"@type":"Organization","@id":"https://gebruederthonetvienna.com/de/#organization","name":"GTV","url":"https://gebruederthonetvienna.com/de/","logo":{"@type":"ImageObject","inLanguage":"de","@id":"https://gebruederthonetvienna.com/de/#/schema/logo/image/","url":"https://gebruederthonetvienna.com/wp-content/uploads/2025/03/logo-black.webp","contentUrl":"https://gebruederthonetvienna.com/wp-content/uploads/2025/03/logo-black.webp","width":418,"height":343,"caption":"GTV"},"image":{"@id":"https://gebruederthonetvienna.com/de/#/schema/logo/image/"}}]}</script>
<!-- / Yoast SEO plugin. -->

Der Stuhl GUSTAV von Gordon Guillaumier hat ein Gestell aus massivem Buchenholz, die Rückenlehne und die Armlehnen sind durch ein einziges geschwungenes Element mit rundem Querschnitt mit den vorderen Stuhlbeinen verbunden. Die hinteren Stuhlbeine verbinden sich mit der Rückenlehne und unterstützen ihre natürliche Biegung, um die Kontur mit stilisierter Eleganz zu definieren. Die Sitzfläche ist [&hellip;]
