{"id":16410,"date":"2025-03-21T06:13:23","date_gmt":"2025-03-21T05:13:23","guid":{"rendered":"https:\/\/gebruederthonetvienna.com\/\/prodotti\/waltz-5\/"},"modified":"2025-03-21T06:16:49","modified_gmt":"2025-03-21T05:16:49","slug":"waltz-5","status":"publish","type":"portfolio","link":"https:\/\/gebruederthonetvienna.com\/de\/prodotti\/waltz-5\/","title":{"rendered":"Waltz"},"content":{"rendered":"<p>Der Entwurf des italienisch-d\u00e4nischen Designerduos GamFratesi versteht sich als Hommage an die Wiener Wurzeln der Marke. Tats\u00e4chlich erinnern die modularen Wandkleiderhaken WALTZ an die Leichtf\u00fc\u00dfigkeit des wohl \u00e4ltesten und bekanntesten Standardtanzes \u2013 des Walzers \u2013 dem das Modell seinen Namen verdankt. Der Tanz mit seiner Wiederholung flie\u00dfender Kreisbewegungen diente dem Duo als Inspiration f\u00fcr das Konzept sowie Design des Entwurfs. Trotz seiner klaren Formensprache beweist sich WALTZ dabei als \u00fcberraschend flexibel. Die einzelnen Module bestehen aus je drei Elementen, wobei die ersten zwei nach oben, das dritte nach unten gerichtet sind. Diese Module k\u00f6nnen nun entlang der Wand auf gleicher H\u00f6he oder auch verdreht angebracht werden. So entsteht das Abbild der eleganten Schrittfolge eines Tanzpaars, das sich im Rhythmus zur Musik dreht und dreht und dreht und dabei die f\u00fcr den Walzer so typischen B\u00f6gen in den Raum zeichnet.<\/p>\n","protected":false},"featured_media":32260,"template":"","product_type":[226],"tipologia":[153],"class_list":["post-16410","portfolio","type-portfolio","status-publish","has-post-thumbnail","hentry","product_type-garderobe","tipologia-ergaenzungen"],"acf":[],"yoast_head":"<!-- This site is optimized with the Yoast SEO plugin v24.7 - https:\/\/yoast.com\/wordpress\/plugins\/seo\/ -->\n<title>Waltz - GTV<\/title>\n<meta name=\"robots\" content=\"index, follow, max-snippet:-1, max-image-preview:large, max-video-preview:-1\" \/>\n<link rel=\"canonical\" href=\"https:\/\/gebruederthonetvienna.com\/de\/prodotti\/waltz-5\/\" \/>\n<meta property=\"og:locale\" content=\"de_DE\" \/>\n<meta property=\"og:type\" content=\"article\" \/>\n<meta property=\"og:title\" content=\"Waltz - GTV\" \/>\n<meta property=\"og:description\" content=\"Der Entwurf des italienisch-d\u00e4nischen Designerduos GamFratesi versteht sich als Hommage an die Wiener Wurzeln der Marke. Tats\u00e4chlich erinnern die modularen Wandkleiderhaken WALTZ an die Leichtf\u00fc\u00dfigkeit des wohl \u00e4ltesten und bekanntesten Standardtanzes \u2013 des Walzers \u2013 dem das Modell seinen Namen verdankt. Der Tanz mit seiner Wiederholung flie\u00dfender Kreisbewegungen diente dem Duo als Inspiration f\u00fcr das [&hellip;]\" \/>\n<meta property=\"og:url\" content=\"https:\/\/gebruederthonetvienna.com\/de\/prodotti\/waltz-5\/\" \/>\n<meta property=\"og:site_name\" content=\"GTV\" \/>\n<meta property=\"article:modified_time\" content=\"2025-03-21T05:16:49+00:00\" \/>\n<meta property=\"og:image\" content=\"https:\/\/gebruederthonetvienna.com\/wp-content\/uploads\/2025\/03\/WALTZ-1.png\" \/>\n\t<meta property=\"og:image:width\" content=\"655\" \/>\n\t<meta property=\"og:image:height\" content=\"545\" \/>\n\t<meta property=\"og:image:type\" content=\"image\/png\" \/>\n<meta name=\"twitter:card\" content=\"summary_large_image\" \/>\n<meta name=\"twitter:label1\" content=\"Gesch\u00e4tzte Lesezeit\" \/>\n\t<meta name=\"twitter:data1\" content=\"1\u00a0Minute\" \/>\n<script type=\"application\/ld+json\" class=\"yoast-schema-graph\">{\"@context\":\"https:\/\/schema.org\",\"@graph\":[{\"@type\":\"WebPage\",\"@id\":\"https:\/\/gebruederthonetvienna.com\/de\/prodotti\/waltz-5\/\",\"url\":\"https:\/\/gebruederthonetvienna.com\/de\/prodotti\/waltz-5\/\",\"name\":\"Waltz - GTV\",\"isPartOf\":{\"@id\":\"https:\/\/gebruederthonetvienna.com\/de\/#website\"},\"primaryImageOfPage\":{\"@id\":\"https:\/\/gebruederthonetvienna.com\/de\/prodotti\/waltz-5\/#primaryimage\"},\"image\":{\"@id\":\"https:\/\/gebruederthonetvienna.com\/de\/prodotti\/waltz-5\/#primaryimage\"},\"thumbnailUrl\":\"https:\/\/gebruederthonetvienna.com\/wp-content\/uploads\/2025\/04\/WALZT.webp\",\"datePublished\":\"2025-03-21T05:13:23+00:00\",\"dateModified\":\"2025-03-21T05:16:49+00:00\",\"breadcrumb\":{\"@id\":\"https:\/\/gebruederthonetvienna.com\/de\/prodotti\/waltz-5\/#breadcrumb\"},\"inLanguage\":\"de\",\"potentialAction\":[{\"@type\":\"ReadAction\",\"target\":[\"https:\/\/gebruederthonetvienna.com\/de\/prodotti\/waltz-5\/\"]}]},{\"@type\":\"ImageObject\",\"inLanguage\":\"de\",\"@id\":\"https:\/\/gebruederthonetvienna.com\/de\/prodotti\/waltz-5\/#primaryimage\",\"url\":\"https:\/\/gebruederthonetvienna.com\/wp-content\/uploads\/2025\/04\/WALZT.webp\",\"contentUrl\":\"https:\/\/gebruederthonetvienna.com\/wp-content\/uploads\/2025\/04\/WALZT.webp\",\"width\":960,\"height\":1200},{\"@type\":\"BreadcrumbList\",\"@id\":\"https:\/\/gebruederthonetvienna.com\/de\/prodotti\/waltz-5\/#breadcrumb\",\"itemListElement\":[{\"@type\":\"ListItem\",\"position\":1,\"name\":\"Home\",\"item\":\"https:\/\/gebruederthonetvienna.com\/de\/\"},{\"@type\":\"ListItem\",\"position\":2,\"name\":\"Waltz\"}]},{\"@type\":\"WebSite\",\"@id\":\"https:\/\/gebruederthonetvienna.com\/de\/#website\",\"url\":\"https:\/\/gebruederthonetvienna.com\/de\/\",\"name\":\"GTV\",\"description\":\"\",\"publisher\":{\"@id\":\"https:\/\/gebruederthonetvienna.com\/de\/#organization\"},\"potentialAction\":[{\"@type\":\"SearchAction\",\"target\":{\"@type\":\"EntryPoint\",\"urlTemplate\":\"https:\/\/gebruederthonetvienna.com\/de\/?s={search_term_string}\"},\"query-input\":{\"@type\":\"PropertyValueSpecification\",\"valueRequired\":true,\"valueName\":\"search_term_string\"}}],\"inLanguage\":\"de\"},{\"@type\":\"Organization\",\"@id\":\"https:\/\/gebruederthonetvienna.com\/de\/#organization\",\"name\":\"GTV\",\"url\":\"https:\/\/gebruederthonetvienna.com\/de\/\",\"logo\":{\"@type\":\"ImageObject\",\"inLanguage\":\"de\",\"@id\":\"https:\/\/gebruederthonetvienna.com\/de\/#\/schema\/logo\/image\/\",\"url\":\"https:\/\/gebruederthonetvienna.com\/wp-content\/uploads\/2025\/03\/logo-black.webp\",\"contentUrl\":\"https:\/\/gebruederthonetvienna.com\/wp-content\/uploads\/2025\/03\/logo-black.webp\",\"width\":418,\"height\":343,\"caption\":\"GTV\"},\"image\":{\"@id\":\"https:\/\/gebruederthonetvienna.com\/de\/#\/schema\/logo\/image\/\"}}]}<\/script>\n<!-- \/ Yoast SEO plugin. -->","yoast_head_json":{"title":"Waltz - GTV","robots":{"index":"index","follow":"follow","max-snippet":"max-snippet:-1","max-image-preview":"max-image-preview:large","max-video-preview":"max-video-preview:-1"},"canonical":"https:\/\/gebruederthonetvienna.com\/de\/prodotti\/waltz-5\/","og_locale":"de_DE","og_type":"article","og_title":"Waltz - GTV","og_description":"Der Entwurf des italienisch-d\u00e4nischen Designerduos GamFratesi versteht sich als Hommage an die Wiener Wurzeln der Marke. Tats\u00e4chlich erinnern die modularen Wandkleiderhaken WALTZ an die Leichtf\u00fc\u00dfigkeit des wohl \u00e4ltesten und bekanntesten Standardtanzes \u2013 des Walzers \u2013 dem das Modell seinen Namen verdankt. Der Tanz mit seiner Wiederholung flie\u00dfender Kreisbewegungen diente dem Duo als Inspiration f\u00fcr das [&hellip;]","og_url":"https:\/\/gebruederthonetvienna.com\/de\/prodotti\/waltz-5\/","og_site_name":"GTV","article_modified_time":"2025-03-21T05:16:49+00:00","og_image":[{"width":655,"height":545,"url":"https:\/\/gebruederthonetvienna.com\/wp-content\/uploads\/2025\/03\/WALTZ-1.png","type":"image\/png"}],"twitter_card":"summary_large_image","twitter_misc":{"Gesch\u00e4tzte Lesezeit":"1\u00a0Minute"},"schema":{"@context":"https:\/\/schema.org","@graph":[{"@type":"WebPage","@id":"https:\/\/gebruederthonetvienna.com\/de\/prodotti\/waltz-5\/","url":"https:\/\/gebruederthonetvienna.com\/de\/prodotti\/waltz-5\/","name":"Waltz - GTV","isPartOf":{"@id":"https:\/\/gebruederthonetvienna.com\/de\/#website"},"primaryImageOfPage":{"@id":"https:\/\/gebruederthonetvienna.com\/de\/prodotti\/waltz-5\/#primaryimage"},"image":{"@id":"https:\/\/gebruederthonetvienna.com\/de\/prodotti\/waltz-5\/#primaryimage"},"thumbnailUrl":"https:\/\/gebruederthonetvienna.com\/wp-content\/uploads\/2025\/04\/WALZT.webp","datePublished":"2025-03-21T05:13:23+00:00","dateModified":"2025-03-21T05:16:49+00:00","breadcrumb":{"@id":"https:\/\/gebruederthonetvienna.com\/de\/prodotti\/waltz-5\/#breadcrumb"},"inLanguage":"de","potentialAction":[{"@type":"ReadAction","target":["https:\/\/gebruederthonetvienna.com\/de\/prodotti\/waltz-5\/"]}]},{"@type":"ImageObject","inLanguage":"de","@id":"https:\/\/gebruederthonetvienna.com\/de\/prodotti\/waltz-5\/#primaryimage","url":"https:\/\/gebruederthonetvienna.com\/wp-content\/uploads\/2025\/04\/WALZT.webp","contentUrl":"https:\/\/gebruederthonetvienna.com\/wp-content\/uploads\/2025\/04\/WALZT.webp","width":960,"height":1200},{"@type":"BreadcrumbList","@id":"https:\/\/gebruederthonetvienna.com\/de\/prodotti\/waltz-5\/#breadcrumb","itemListElement":[{"@type":"ListItem","position":1,"name":"Home","item":"https:\/\/gebruederthonetvienna.com\/de\/"},{"@type":"ListItem","position":2,"name":"Waltz"}]},{"@type":"WebSite","@id":"https:\/\/gebruederthonetvienna.com\/de\/#website","url":"https:\/\/gebruederthonetvienna.com\/de\/","name":"GTV","description":"","publisher":{"@id":"https:\/\/gebruederthonetvienna.com\/de\/#organization"},"potentialAction":[{"@type":"SearchAction","target":{"@type":"EntryPoint","urlTemplate":"https:\/\/gebruederthonetvienna.com\/de\/?s={search_term_string}"},"query-input":{"@type":"PropertyValueSpecification","valueRequired":true,"valueName":"search_term_string"}}],"inLanguage":"de"},{"@type":"Organization","@id":"https:\/\/gebruederthonetvienna.com\/de\/#organization","name":"GTV","url":"https:\/\/gebruederthonetvienna.com\/de\/","logo":{"@type":"ImageObject","inLanguage":"de","@id":"https:\/\/gebruederthonetvienna.com\/de\/#\/schema\/logo\/image\/","url":"https:\/\/gebruederthonetvienna.com\/wp-content\/uploads\/2025\/03\/logo-black.webp","contentUrl":"https:\/\/gebruederthonetvienna.com\/wp-content\/uploads\/2025\/03\/logo-black.webp","width":418,"height":343,"caption":"GTV"},"image":{"@id":"https:\/\/gebruederthonetvienna.com\/de\/#\/schema\/logo\/image\/"}}]}},"_links":{"self":[{"href":"https:\/\/gebruederthonetvienna.com\/de\/wp-json\/wp\/v2\/portfolio\/16410","targetHints":{"allow":["GET"]}}],"collection":[{"href":"https:\/\/gebruederthonetvienna.com\/de\/wp-json\/wp\/v2\/portfolio"}],"about":[{"href":"https:\/\/gebruederthonetvienna.com\/de\/wp-json\/wp\/v2\/types\/portfolio"}],"version-history":[{"count":0,"href":"https:\/\/gebruederthonetvienna.com\/de\/wp-json\/wp\/v2\/portfolio\/16410\/revisions"}],"wp:featuredmedia":[{"embeddable":true,"href":"https:\/\/gebruederthonetvienna.com\/de\/wp-json\/wp\/v2\/media\/32260"}],"wp:attachment":[{"href":"https:\/\/gebruederthonetvienna.com\/de\/wp-json\/wp\/v2\/media?parent=16410"}],"wp:term":[{"taxonomy":"product_type","embeddable":true,"href":"https:\/\/gebruederthonetvienna.com\/de\/wp-json\/wp\/v2\/product_type?post=16410"},{"taxonomy":"tipologia","embeddable":true,"href":"https:\/\/gebruederthonetvienna.com\/de\/wp-json\/wp\/v2\/tipologia?post=16410"}],"curies":[{"name":"wp","href":"https:\/\/api.w.org\/{rel}","templated":true}]}}

<p>Der Entwurf des italienisch-dänischen Designerduos GamFratesi versteht sich als Hommage an die Wiener Wurzeln der Marke. Tatsächlich erinnern die modularen Wandkleiderhaken WALTZ an die Leichtfüßigkeit des wohl ältesten und bekanntesten Standardtanzes – des Walzers – dem das Modell seinen Namen verdankt. Der Tanz mit seiner Wiederholung fließender Kreisbewegungen diente dem Duo als Inspiration für das Konzept sowie Design des Entwurfs. Trotz seiner klaren Formensprache beweist sich WALTZ dabei als überraschend flexibel. Die einzelnen Module bestehen aus je drei Elementen, wobei die ersten zwei nach oben, das dritte nach unten gerichtet sind. Diese Module können nun entlang der Wand auf gleicher Höhe oder auch verdreht angebracht werden. So entsteht das Abbild der eleganten Schrittfolge eines Tanzpaars, das sich im Rhythmus zur Musik dreht und dreht und dreht und dabei die für den Walzer so typischen Bögen in den Raum zeichnet.</p>

<!-- This site is optimized with the Yoast SEO plugin v24.7 - https://yoast.com/wordpress/plugins/seo/ -->
<title>Waltz - GTV</title>
<meta name="robots" content="index, follow, max-snippet:-1, max-image-preview:large, max-video-preview:-1" />
<link rel="canonical" href="https://gebruederthonetvienna.com/de/prodotti/waltz-5/" />
<meta property="og:locale" content="de_DE" />
<meta property="og:type" content="article" />
<meta property="og:title" content="Waltz - GTV" />
<meta property="og:description" content="Der Entwurf des italienisch-dänischen Designerduos GamFratesi versteht sich als Hommage an die Wiener Wurzeln der Marke. Tatsächlich erinnern die modularen Wandkleiderhaken WALTZ an die Leichtfüßigkeit des wohl ältesten und bekanntesten Standardtanzes – des Walzers – dem das Modell seinen Namen verdankt. Der Tanz mit seiner Wiederholung fließender Kreisbewegungen diente dem Duo als Inspiration für das [&hellip;]" />
<meta property="og:url" content="https://gebruederthonetvienna.com/de/prodotti/waltz-5/" />
<meta property="og:site_name" content="GTV" />
<meta property="article:modified_time" content="2025-03-21T05:16:49+00:00" />
<meta property="og:image" content="https://gebruederthonetvienna.com/wp-content/uploads/2025/03/WALTZ-1.png" />
	<meta property="og:image:width" content="655" />
	<meta property="og:image:height" content="545" />
	<meta property="og:image:type" content="image/png" />
<meta name="twitter:card" content="summary_large_image" />
<meta name="twitter:label1" content="Geschätzte Lesezeit" />
	<meta name="twitter:data1" content="1 Minute" />
<script type="application/ld+json" class="yoast-schema-graph">{"@context":"https://schema.org","@graph":[{"@type":"WebPage","@id":"https://gebruederthonetvienna.com/de/prodotti/waltz-5/","url":"https://gebruederthonetvienna.com/de/prodotti/waltz-5/","name":"Waltz - GTV","isPartOf":{"@id":"https://gebruederthonetvienna.com/de/#website"},"primaryImageOfPage":{"@id":"https://gebruederthonetvienna.com/de/prodotti/waltz-5/#primaryimage"},"image":{"@id":"https://gebruederthonetvienna.com/de/prodotti/waltz-5/#primaryimage"},"thumbnailUrl":"https://gebruederthonetvienna.com/wp-content/uploads/2025/04/WALZT.webp","datePublished":"2025-03-21T05:13:23+00:00","dateModified":"2025-03-21T05:16:49+00:00","breadcrumb":{"@id":"https://gebruederthonetvienna.com/de/prodotti/waltz-5/#breadcrumb"},"inLanguage":"de","potentialAction":[{"@type":"ReadAction","target":["https://gebruederthonetvienna.com/de/prodotti/waltz-5/"]}]},{"@type":"ImageObject","inLanguage":"de","@id":"https://gebruederthonetvienna.com/de/prodotti/waltz-5/#primaryimage","url":"https://gebruederthonetvienna.com/wp-content/uploads/2025/04/WALZT.webp","contentUrl":"https://gebruederthonetvienna.com/wp-content/uploads/2025/04/WALZT.webp","width":960,"height":1200},{"@type":"BreadcrumbList","@id":"https://gebruederthonetvienna.com/de/prodotti/waltz-5/#breadcrumb","itemListElement":[{"@type":"ListItem","position":1,"name":"Home","item":"https://gebruederthonetvienna.com/de/"},{"@type":"ListItem","position":2,"name":"Waltz"}]},{"@type":"WebSite","@id":"https://gebruederthonetvienna.com/de/#website","url":"https://gebruederthonetvienna.com/de/","name":"GTV","description":"","publisher":{"@id":"https://gebruederthonetvienna.com/de/#organization"},"potentialAction":[{"@type":"SearchAction","target":{"@type":"EntryPoint","urlTemplate":"https://gebruederthonetvienna.com/de/?s={search_term_string}"},"query-input":{"@type":"PropertyValueSpecification","valueRequired":true,"valueName":"search_term_string"}}],"inLanguage":"de"},{"@type":"Organization","@id":"https://gebruederthonetvienna.com/de/#organization","name":"GTV","url":"https://gebruederthonetvienna.com/de/","logo":{"@type":"ImageObject","inLanguage":"de","@id":"https://gebruederthonetvienna.com/de/#/schema/logo/image/","url":"https://gebruederthonetvienna.com/wp-content/uploads/2025/03/logo-black.webp","contentUrl":"https://gebruederthonetvienna.com/wp-content/uploads/2025/03/logo-black.webp","width":418,"height":343,"caption":"GTV"},"image":{"@id":"https://gebruederthonetvienna.com/de/#/schema/logo/image/"}}]}</script>
<!-- / Yoast SEO plugin. -->

Der Entwurf des italienisch-dänischen Designerduos GamFratesi versteht sich als Hommage an die Wiener Wurzeln der Marke. Tatsächlich erinnern die modularen Wandkleiderhaken WALTZ an die Leichtfüßigkeit des wohl ältesten und bekanntesten Standardtanzes – des Walzers – dem das Modell seinen Namen verdankt. Der Tanz mit seiner Wiederholung fließender Kreisbewegungen diente dem Duo als Inspiration für das [&hellip;]
