{"id":8578,"date":"2025-03-21T05:29:06","date_gmt":"2025-03-21T04:29:06","guid":{"rendered":"https:\/\/gebruederthonetvienna.com\/\/designers\/anki-gneib-5\/"},"modified":"2025-03-21T05:29:06","modified_gmt":"2025-03-21T04:29:06","slug":"anki-gneib-5","status":"publish","type":"designer","link":"https:\/\/gebruederthonetvienna.com\/de\/designers\/anki-gneib-5\/","title":{"rendered":"Anki Gneib"},"content":{"rendered":"<p><strong>Anki Gneib<\/strong> wurde in London geboren und studierte an der Fakult\u00e4t f\u00fcr Innenarchitektur und M\u00f6beldesign der Universit\u00e4t College of Art, Crafts and Design von Stockholm. Sein Atelier liegt in Stockholm und arbeitet an einer breiten Palette von Projekten: Interior Design f\u00fcr kommerziell genutzte R\u00e4ume, M\u00f6bel, Beleuchtung und Produktdesign.<\/p>\n<p>&nbsp;<\/p>\n","protected":false},"featured_media":7951,"template":"","class_list":["post-8578","designer","type-designer","status-publish","has-post-thumbnail","hentry"],"acf":[],"yoast_head":"<!-- This site is optimized with the Yoast SEO plugin v24.7 - https:\/\/yoast.com\/wordpress\/plugins\/seo\/ -->\n<title>Anki Gneib - GTV<\/title>\n<meta name=\"robots\" content=\"index, follow, max-snippet:-1, max-image-preview:large, max-video-preview:-1\" \/>\n<link rel=\"canonical\" href=\"https:\/\/gebruederthonetvienna.com\/de\/designers\/anki-gneib-5\/\" \/>\n<meta property=\"og:locale\" content=\"de_DE\" \/>\n<meta property=\"og:type\" content=\"article\" \/>\n<meta property=\"og:title\" content=\"Anki Gneib - GTV\" \/>\n<meta property=\"og:description\" content=\"Anki Gneib wurde in London geboren und studierte an der Fakult\u00e4t f\u00fcr Innenarchitektur und M\u00f6beldesign der Universit\u00e4t College of Art, Crafts and Design von Stockholm. Sein Atelier liegt in Stockholm und arbeitet an einer breiten Palette von Projekten: Interior Design f\u00fcr kommerziell genutzte R\u00e4ume, M\u00f6bel, Beleuchtung und Produktdesign. &nbsp;\" \/>\n<meta property=\"og:url\" content=\"https:\/\/gebruederthonetvienna.com\/de\/designers\/anki-gneib-5\/\" \/>\n<meta property=\"og:site_name\" content=\"GTV\" \/>\n<meta property=\"og:image\" content=\"https:\/\/gebruederthonetvienna.com\/wp-content\/uploads\/2025\/03\/anki.jpg\" \/>\n\t<meta property=\"og:image:width\" content=\"500\" \/>\n\t<meta property=\"og:image:height\" content=\"355\" \/>\n\t<meta property=\"og:image:type\" content=\"image\/jpeg\" \/>\n<meta name=\"twitter:card\" content=\"summary_large_image\" \/>\n<script type=\"application\/ld+json\" class=\"yoast-schema-graph\">{\"@context\":\"https:\/\/schema.org\",\"@graph\":[{\"@type\":\"WebPage\",\"@id\":\"https:\/\/gebruederthonetvienna.com\/de\/designers\/anki-gneib-5\/\",\"url\":\"https:\/\/gebruederthonetvienna.com\/de\/designers\/anki-gneib-5\/\",\"name\":\"Anki Gneib - GTV\",\"isPartOf\":{\"@id\":\"https:\/\/gebruederthonetvienna.com\/de\/#website\"},\"primaryImageOfPage\":{\"@id\":\"https:\/\/gebruederthonetvienna.com\/de\/designers\/anki-gneib-5\/#primaryimage\"},\"image\":{\"@id\":\"https:\/\/gebruederthonetvienna.com\/de\/designers\/anki-gneib-5\/#primaryimage\"},\"thumbnailUrl\":\"https:\/\/gebruederthonetvienna.com\/wp-content\/uploads\/2025\/03\/anki.jpg\",\"datePublished\":\"2025-03-21T04:29:06+00:00\",\"breadcrumb\":{\"@id\":\"https:\/\/gebruederthonetvienna.com\/de\/designers\/anki-gneib-5\/#breadcrumb\"},\"inLanguage\":\"de\",\"potentialAction\":[{\"@type\":\"ReadAction\",\"target\":[\"https:\/\/gebruederthonetvienna.com\/de\/designers\/anki-gneib-5\/\"]}]},{\"@type\":\"ImageObject\",\"inLanguage\":\"de\",\"@id\":\"https:\/\/gebruederthonetvienna.com\/de\/designers\/anki-gneib-5\/#primaryimage\",\"url\":\"https:\/\/gebruederthonetvienna.com\/wp-content\/uploads\/2025\/03\/anki.jpg\",\"contentUrl\":\"https:\/\/gebruederthonetvienna.com\/wp-content\/uploads\/2025\/03\/anki.jpg\",\"width\":500,\"height\":355},{\"@type\":\"BreadcrumbList\",\"@id\":\"https:\/\/gebruederthonetvienna.com\/de\/designers\/anki-gneib-5\/#breadcrumb\",\"itemListElement\":[{\"@type\":\"ListItem\",\"position\":1,\"name\":\"Home\",\"item\":\"https:\/\/gebruederthonetvienna.com\/de\/\"},{\"@type\":\"ListItem\",\"position\":2,\"name\":\"Anki Gneib\"}]},{\"@type\":\"WebSite\",\"@id\":\"https:\/\/gebruederthonetvienna.com\/de\/#website\",\"url\":\"https:\/\/gebruederthonetvienna.com\/de\/\",\"name\":\"GTV\",\"description\":\"\",\"publisher\":{\"@id\":\"https:\/\/gebruederthonetvienna.com\/de\/#organization\"},\"potentialAction\":[{\"@type\":\"SearchAction\",\"target\":{\"@type\":\"EntryPoint\",\"urlTemplate\":\"https:\/\/gebruederthonetvienna.com\/de\/?s={search_term_string}\"},\"query-input\":{\"@type\":\"PropertyValueSpecification\",\"valueRequired\":true,\"valueName\":\"search_term_string\"}}],\"inLanguage\":\"de\"},{\"@type\":\"Organization\",\"@id\":\"https:\/\/gebruederthonetvienna.com\/de\/#organization\",\"name\":\"GTV\",\"url\":\"https:\/\/gebruederthonetvienna.com\/de\/\",\"logo\":{\"@type\":\"ImageObject\",\"inLanguage\":\"de\",\"@id\":\"https:\/\/gebruederthonetvienna.com\/de\/#\/schema\/logo\/image\/\",\"url\":\"https:\/\/gebruederthonetvienna.com\/wp-content\/uploads\/2025\/03\/logo-black.webp\",\"contentUrl\":\"https:\/\/gebruederthonetvienna.com\/wp-content\/uploads\/2025\/03\/logo-black.webp\",\"width\":418,\"height\":343,\"caption\":\"GTV\"},\"image\":{\"@id\":\"https:\/\/gebruederthonetvienna.com\/de\/#\/schema\/logo\/image\/\"}}]}<\/script>\n<!-- \/ Yoast SEO plugin. -->","yoast_head_json":{"title":"Anki Gneib - GTV","robots":{"index":"index","follow":"follow","max-snippet":"max-snippet:-1","max-image-preview":"max-image-preview:large","max-video-preview":"max-video-preview:-1"},"canonical":"https:\/\/gebruederthonetvienna.com\/de\/designers\/anki-gneib-5\/","og_locale":"de_DE","og_type":"article","og_title":"Anki Gneib - GTV","og_description":"Anki Gneib wurde in London geboren und studierte an der Fakult\u00e4t f\u00fcr Innenarchitektur und M\u00f6beldesign der Universit\u00e4t College of Art, Crafts and Design von Stockholm. Sein Atelier liegt in Stockholm und arbeitet an einer breiten Palette von Projekten: Interior Design f\u00fcr kommerziell genutzte R\u00e4ume, M\u00f6bel, Beleuchtung und Produktdesign. &nbsp;","og_url":"https:\/\/gebruederthonetvienna.com\/de\/designers\/anki-gneib-5\/","og_site_name":"GTV","og_image":[{"width":500,"height":355,"url":"https:\/\/gebruederthonetvienna.com\/wp-content\/uploads\/2025\/03\/anki.jpg","type":"image\/jpeg"}],"twitter_card":"summary_large_image","schema":{"@context":"https:\/\/schema.org","@graph":[{"@type":"WebPage","@id":"https:\/\/gebruederthonetvienna.com\/de\/designers\/anki-gneib-5\/","url":"https:\/\/gebruederthonetvienna.com\/de\/designers\/anki-gneib-5\/","name":"Anki Gneib - GTV","isPartOf":{"@id":"https:\/\/gebruederthonetvienna.com\/de\/#website"},"primaryImageOfPage":{"@id":"https:\/\/gebruederthonetvienna.com\/de\/designers\/anki-gneib-5\/#primaryimage"},"image":{"@id":"https:\/\/gebruederthonetvienna.com\/de\/designers\/anki-gneib-5\/#primaryimage"},"thumbnailUrl":"https:\/\/gebruederthonetvienna.com\/wp-content\/uploads\/2025\/03\/anki.jpg","datePublished":"2025-03-21T04:29:06+00:00","breadcrumb":{"@id":"https:\/\/gebruederthonetvienna.com\/de\/designers\/anki-gneib-5\/#breadcrumb"},"inLanguage":"de","potentialAction":[{"@type":"ReadAction","target":["https:\/\/gebruederthonetvienna.com\/de\/designers\/anki-gneib-5\/"]}]},{"@type":"ImageObject","inLanguage":"de","@id":"https:\/\/gebruederthonetvienna.com\/de\/designers\/anki-gneib-5\/#primaryimage","url":"https:\/\/gebruederthonetvienna.com\/wp-content\/uploads\/2025\/03\/anki.jpg","contentUrl":"https:\/\/gebruederthonetvienna.com\/wp-content\/uploads\/2025\/03\/anki.jpg","width":500,"height":355},{"@type":"BreadcrumbList","@id":"https:\/\/gebruederthonetvienna.com\/de\/designers\/anki-gneib-5\/#breadcrumb","itemListElement":[{"@type":"ListItem","position":1,"name":"Home","item":"https:\/\/gebruederthonetvienna.com\/de\/"},{"@type":"ListItem","position":2,"name":"Anki Gneib"}]},{"@type":"WebSite","@id":"https:\/\/gebruederthonetvienna.com\/de\/#website","url":"https:\/\/gebruederthonetvienna.com\/de\/","name":"GTV","description":"","publisher":{"@id":"https:\/\/gebruederthonetvienna.com\/de\/#organization"},"potentialAction":[{"@type":"SearchAction","target":{"@type":"EntryPoint","urlTemplate":"https:\/\/gebruederthonetvienna.com\/de\/?s={search_term_string}"},"query-input":{"@type":"PropertyValueSpecification","valueRequired":true,"valueName":"search_term_string"}}],"inLanguage":"de"},{"@type":"Organization","@id":"https:\/\/gebruederthonetvienna.com\/de\/#organization","name":"GTV","url":"https:\/\/gebruederthonetvienna.com\/de\/","logo":{"@type":"ImageObject","inLanguage":"de","@id":"https:\/\/gebruederthonetvienna.com\/de\/#\/schema\/logo\/image\/","url":"https:\/\/gebruederthonetvienna.com\/wp-content\/uploads\/2025\/03\/logo-black.webp","contentUrl":"https:\/\/gebruederthonetvienna.com\/wp-content\/uploads\/2025\/03\/logo-black.webp","width":418,"height":343,"caption":"GTV"},"image":{"@id":"https:\/\/gebruederthonetvienna.com\/de\/#\/schema\/logo\/image\/"}}]}},"_links":{"self":[{"href":"https:\/\/gebruederthonetvienna.com\/de\/wp-json\/wp\/v2\/designer\/8578","targetHints":{"allow":["GET"]}}],"collection":[{"href":"https:\/\/gebruederthonetvienna.com\/de\/wp-json\/wp\/v2\/designer"}],"about":[{"href":"https:\/\/gebruederthonetvienna.com\/de\/wp-json\/wp\/v2\/types\/designer"}],"wp:featuredmedia":[{"embeddable":true,"href":"https:\/\/gebruederthonetvienna.com\/de\/wp-json\/wp\/v2\/media\/7951"}],"wp:attachment":[{"href":"https:\/\/gebruederthonetvienna.com\/de\/wp-json\/wp\/v2\/media?parent=8578"}],"curies":[{"name":"wp","href":"https:\/\/api.w.org\/{rel}","templated":true}]}}

<p><strong>Anki Gneib</strong> wurde in London geboren und studierte an der Fakultät für Innenarchitektur und Möbeldesign der Universität College of Art, Crafts and Design von Stockholm. Sein Atelier liegt in Stockholm und arbeitet an einer breiten Palette von Projekten: Interior Design für kommerziell genutzte Räume, Möbel, Beleuchtung und Produktdesign.</p>
<p>&nbsp;</p>

<!-- This site is optimized with the Yoast SEO plugin v24.7 - https://yoast.com/wordpress/plugins/seo/ -->
<title>Anki Gneib - GTV</title>
<meta name="robots" content="index, follow, max-snippet:-1, max-image-preview:large, max-video-preview:-1" />
<link rel="canonical" href="https://gebruederthonetvienna.com/de/designers/anki-gneib-5/" />
<meta property="og:locale" content="de_DE" />
<meta property="og:type" content="article" />
<meta property="og:title" content="Anki Gneib - GTV" />
<meta property="og:description" content="Anki Gneib wurde in London geboren und studierte an der Fakultät für Innenarchitektur und Möbeldesign der Universität College of Art, Crafts and Design von Stockholm. Sein Atelier liegt in Stockholm und arbeitet an einer breiten Palette von Projekten: Interior Design für kommerziell genutzte Räume, Möbel, Beleuchtung und Produktdesign. &nbsp;" />
<meta property="og:url" content="https://gebruederthonetvienna.com/de/designers/anki-gneib-5/" />
<meta property="og:site_name" content="GTV" />
<meta property="og:image" content="https://gebruederthonetvienna.com/wp-content/uploads/2025/03/anki.jpg" />
	<meta property="og:image:width" content="500" />
	<meta property="og:image:height" content="355" />
	<meta property="og:image:type" content="image/jpeg" />
<meta name="twitter:card" content="summary_large_image" />
<script type="application/ld+json" class="yoast-schema-graph">{"@context":"https://schema.org","@graph":[{"@type":"WebPage","@id":"https://gebruederthonetvienna.com/de/designers/anki-gneib-5/","url":"https://gebruederthonetvienna.com/de/designers/anki-gneib-5/","name":"Anki Gneib - GTV","isPartOf":{"@id":"https://gebruederthonetvienna.com/de/#website"},"primaryImageOfPage":{"@id":"https://gebruederthonetvienna.com/de/designers/anki-gneib-5/#primaryimage"},"image":{"@id":"https://gebruederthonetvienna.com/de/designers/anki-gneib-5/#primaryimage"},"thumbnailUrl":"https://gebruederthonetvienna.com/wp-content/uploads/2025/03/anki.jpg","datePublished":"2025-03-21T04:29:06+00:00","breadcrumb":{"@id":"https://gebruederthonetvienna.com/de/designers/anki-gneib-5/#breadcrumb"},"inLanguage":"de","potentialAction":[{"@type":"ReadAction","target":["https://gebruederthonetvienna.com/de/designers/anki-gneib-5/"]}]},{"@type":"ImageObject","inLanguage":"de","@id":"https://gebruederthonetvienna.com/de/designers/anki-gneib-5/#primaryimage","url":"https://gebruederthonetvienna.com/wp-content/uploads/2025/03/anki.jpg","contentUrl":"https://gebruederthonetvienna.com/wp-content/uploads/2025/03/anki.jpg","width":500,"height":355},{"@type":"BreadcrumbList","@id":"https://gebruederthonetvienna.com/de/designers/anki-gneib-5/#breadcrumb","itemListElement":[{"@type":"ListItem","position":1,"name":"Home","item":"https://gebruederthonetvienna.com/de/"},{"@type":"ListItem","position":2,"name":"Anki Gneib"}]},{"@type":"WebSite","@id":"https://gebruederthonetvienna.com/de/#website","url":"https://gebruederthonetvienna.com/de/","name":"GTV","description":"","publisher":{"@id":"https://gebruederthonetvienna.com/de/#organization"},"potentialAction":[{"@type":"SearchAction","target":{"@type":"EntryPoint","urlTemplate":"https://gebruederthonetvienna.com/de/?s={search_term_string}"},"query-input":{"@type":"PropertyValueSpecification","valueRequired":true,"valueName":"search_term_string"}}],"inLanguage":"de"},{"@type":"Organization","@id":"https://gebruederthonetvienna.com/de/#organization","name":"GTV","url":"https://gebruederthonetvienna.com/de/","logo":{"@type":"ImageObject","inLanguage":"de","@id":"https://gebruederthonetvienna.com/de/#/schema/logo/image/","url":"https://gebruederthonetvienna.com/wp-content/uploads/2025/03/logo-black.webp","contentUrl":"https://gebruederthonetvienna.com/wp-content/uploads/2025/03/logo-black.webp","width":418,"height":343,"caption":"GTV"},"image":{"@id":"https://gebruederthonetvienna.com/de/#/schema/logo/image/"}}]}</script>
<!-- / Yoast SEO plugin. -->

Anki Gneib wurde in London geboren und studierte an der Fakultät für Innenarchitektur und Möbeldesign der Universität College of Art, Crafts and Design von Stockholm. Sein Atelier liegt in Stockholm und arbeitet an einer breiten Palette von Projekten: Interior Design für kommerziell genutzte Räume, Möbel, Beleuchtung und Produktdesign. &nbsp;
