{"version":"1.0","provider_name":"GTV","provider_url":"https:\/\/gebruederthonetvienna.com\/de\/","author_name":"Giulia Cabrini","author_url":"https:\/\/gebruederthonetvienna.com\/de\/author\/giulia-cabrini\/","title":"Targa Sofa (Modular) - GTV","type":"rich","width":600,"height":338,"html":"<blockquote class=\"wp-embedded-content\" data-secret=\"1SGVk9vKvU\"><a href=\"https:\/\/gebruederthonetvienna.com\/de\/prodotti\/targa-sofa-modular-5\/\">Targa Sofa (Modular)<\/a><\/blockquote><iframe sandbox=\"allow-scripts\" security=\"restricted\" src=\"https:\/\/gebruederthonetvienna.com\/de\/prodotti\/targa-sofa-modular-5\/embed\/#?secret=1SGVk9vKvU\" width=\"600\" height=\"338\" title=\"&#8222;Targa Sofa (Modular)&#8220; &#8211; GTV\" data-secret=\"1SGVk9vKvU\" frameborder=\"0\" marginwidth=\"0\" marginheight=\"0\" scrolling=\"no\" class=\"wp-embedded-content\"><\/iframe><script>\n\/*! This file is auto-generated *\/\n!function(d,l){\"use strict\";l.querySelector&&d.addEventListener&&\"undefined\"!=typeof URL&&(d.wp=d.wp||{},d.wp.receiveEmbedMessage||(d.wp.receiveEmbedMessage=function(e){var t=e.data;if((t||t.secret||t.message||t.value)&&!\/[^a-zA-Z0-9]\/.test(t.secret)){for(var s,r,n,a=l.querySelectorAll('iframe[data-secret=\"'+t.secret+'\"]'),o=l.querySelectorAll('blockquote[data-secret=\"'+t.secret+'\"]'),c=new RegExp(\"^https?:$\",\"i\"),i=0;i<o.length;i++)o[i].style.display=\"none\";for(i=0;i<a.length;i++)s=a[i],e.source===s.contentWindow&&(s.removeAttribute(\"style\"),\"height\"===t.message?(1e3<(r=parseInt(t.value,10))?r=1e3:~~r<200&&(r=200),s.height=r):\"link\"===t.message&&(r=new URL(s.getAttribute(\"src\")),n=new URL(t.value),c.test(n.protocol))&&n.host===r.host&&l.activeElement===s&&(d.top.location.href=t.value))}},d.addEventListener(\"message\",d.wp.receiveEmbedMessage,!1),l.addEventListener(\"DOMContentLoaded\",function(){for(var e,t,s=l.querySelectorAll(\"iframe.wp-embedded-content\"),r=0;r<s.length;r++)(t=(e=s[r]).getAttribute(\"data-secret\"))||(t=Math.random().toString(36).substring(2,12),e.src+=\"#?secret=\"+t,e.setAttribute(\"data-secret\",t)),e.contentWindow.postMessage({message:\"ready\",secret:t},\"*\")},!1)))}(window,document);\n\/\/# sourceURL=https:\/\/gebruederthonetvienna.com\/wp-includes\/js\/wp-embed.min.js\n<\/script>\n","thumbnail_url":"https:\/\/gebruederthonetvienna.com\/wp-content\/uploads\/2025\/03\/GTV-TARGA-modular-sofa-3-FILEminimizer.jpg","thumbnail_width":1152,"thumbnail_height":768,"description":"Die ikonische und artikulierte TARGA-Kollektion \u2013 die erste Polsterm\u00f6belfamilie, die 2015 von GTV vorgestellt wurde und heute zu den zeitgen\u00f6ssischen Bestsellern des Markenzeichens geh\u00f6ren \u2013 wird um das neue modulare Sofa bereichert, das auch als Ecksofa verf\u00fcgbar ist: vier Module, zus\u00e4tzlich zur Ecke drei jeweils ein Meter gro\u00dfe Module \u2013 Mitte, rechts und links \u2013 [&hellip;]"}

Die ikonische und artikulierte TARGA-Kollektion – die erste Polstermöbelfamilie, die 2015 von GTV vorgestellt wurde und heute zu den zeitgenössischen Bestsellern des Markenzeichens gehören – wird um das neue modulare Sofa bereichert, das auch als Ecksofa verfügbar ist: vier Module, zusätzlich zur Ecke drei jeweils ein Meter große Module – Mitte, rechts und links – [&hellip;]
